CRAN Package Check Results for Package rtry

Last updated on 2022-08-12 03:53:37 CEST.

Flavor Version Tinstall Tcheck Ttotal Status Flags
r-devel-linux-x86_64-debian-clang 1.0.0 2.90 39.93 42.83 OK
r-devel-linux-x86_64-debian-gcc 1.0.0 2.51 30.71 33.22 OK
r-devel-linux-x86_64-fedora-clang 1.0.0 62.01 NOTE
r-devel-linux-x86_64-fedora-gcc 1.0.0 59.36 NOTE
r-devel-windows-x86_64 1.0.0 56.00 77.00 133.00 OK
r-patched-linux-x86_64 1.0.0 3.35 37.86 41.21 OK
r-release-linux-x86_64 1.0.0 2.69 37.86 40.55 OK
r-release-macos-arm64 1.0.0 31.00 NOTE
r-release-macos-x86_64 1.0.0 45.00 NOTE
r-release-windows-x86_64 1.0.0 41.00 75.00 116.00 OK
r-oldrel-macos-arm64 1.0.0 28.00 NOTE
r-oldrel-macos-x86_64 1.0.0 39.00 NOTE
r-oldrel-windows-ix86+x86_64 1.0.0 8.00 60.00 68.00 OK

Check Details

Version: 1.0.0
Check: dependencies in R code
Result: NOTE
    Namespace in Imports field not imported from: ‘curl’
     All declared Imports should be used.
Flavors: r-devel-linux-x86_64-fedora-clang, r-devel-linux-x86_64-fedora-gcc, r-release-macos-arm64, r-release-macos-x86_64, r-oldrel-macos-arm64, r-oldrel-macos-x86_64

Version: 1.0.0
Check: data for non-ASCII characters
Result: NOTE
     Note: found 2023 marked Latin-1 strings
     Note: found 17 marked UTF-8 strings
Flavors: r-devel-linux-x86_64-fedora-clang, r-devel-linux-x86_64-fedora-gcc, r-release-macos-arm64, r-release-macos-x86_64, r-oldrel-macos-arm64, r-oldrel-macos-x86_64