CRAN Package Check Results for Package rtsdata

Last updated on 2019-10-18 06:48:52 CEST.

Flavor Version Tinstall Tcheck Ttotal Status Flags
r-devel-linux-x86_64-debian-clang 0.1.1 2.77 26.59 29.36 OK
r-devel-linux-x86_64-debian-gcc 0.1.1 2.32 20.83 23.15 OK
r-devel-linux-x86_64-fedora-clang 0.1.1 35.40 NOTE
r-devel-linux-x86_64-fedora-gcc 0.1.1 34.06 NOTE
r-devel-windows-ix86+x86_64 0.1.1 14.00 52.00 66.00 OK
r-patched-linux-x86_64 0.1.1 2.57 24.86 27.43 OK
r-patched-solaris-x86 0.1.1 50.70 NOTE
r-release-linux-x86_64 0.1.1 2.77 25.06 27.83 OK
r-release-windows-ix86+x86_64 0.1.1 6.00 52.00 58.00 OK
r-release-osx-x86_64 0.1.1 OK
r-oldrel-windows-ix86+x86_64 0.1.1 4.00 36.00 40.00 OK
r-oldrel-osx-x86_64 0.1.1 NOTE

Check Details

Version: 0.1.1
Check: package dependencies
Result: NOTE
    Package suggested but not available for checking: ‘RQuantLib’
Flavors: r-devel-linux-x86_64-fedora-clang, r-devel-linux-x86_64-fedora-gcc, r-patched-solaris-x86, r-oldrel-osx-x86_64