CRAN Package Check Results for Package rtsdata

Last updated on 2020-06-01 19:47:18 CEST.

Flavor Version Tinstall Tcheck Ttotal Status Flags
r-devel-linux-x86_64-debian-clang 0.1.2 2.99 26.69 29.68 OK
r-devel-linux-x86_64-debian-gcc 0.1.2 2.52 21.53 24.05 OK
r-devel-linux-x86_64-fedora-clang 0.1.2 47.28 NOTE
r-devel-linux-x86_64-fedora-gcc 0.1.2 35.72 NOTE
r-devel-windows-ix86+x86_64 0.1.2 10.00 99.00 109.00 OK
r-patched-linux-x86_64 0.1.2 3.11 26.75 29.86 OK
r-patched-solaris-x86 0.1.2 54.50 NOTE
r-release-linux-x86_64 0.1.2 2.87 27.99 30.86 OK
r-release-osx-x86_64 0.1.2 OK
r-release-windows-ix86+x86_64 0.1.2 12.00 54.00 66.00 OK
r-oldrel-osx-x86_64 0.1.2 OK
r-oldrel-windows-ix86+x86_64 0.1.2 6.00 39.00 45.00 OK

Check Details

Version: 0.1.2
Check: package dependencies
Result: NOTE
    Package suggested but not available for checking: ‘RQuantLib’
Flavors: r-devel-linux-x86_64-fedora-clang, r-devel-linux-x86_64-fedora-gcc, r-patched-solaris-x86