CRAN Package Check Results for Package rtweet

Last updated on 2021-12-08 06:51:26 CET.

Flavor Version Tinstall Tcheck Ttotal Status Flags
r-devel-linux-x86_64-debian-clang 0.7.0 12.51 74.80 87.31 OK
r-devel-linux-x86_64-debian-gcc 0.7.0 10.07 57.09 67.16 OK
r-devel-linux-x86_64-fedora-clang 0.7.0 107.20 NOTE
r-devel-linux-x86_64-fedora-gcc 0.7.0 93.76 NOTE
r-devel-windows-x86_64-new-UL 0.7.0 32.00 123.00 155.00 OK
r-devel-windows-x86_64-new-TK 0.7.0 NOTE
r-devel-windows-x86_64-old 0.7.0 18.00 70.00 88.00 OK
r-patched-linux-x86_64 0.7.0 13.27 73.20 86.47 OK
r-release-linux-x86_64 0.7.0 11.49 73.37 84.86 OK
r-release-macos-arm64 0.7.0 NOTE
r-release-macos-x86_64 0.7.0 NOTE
r-release-windows-ix86+x86_64 0.7.0 18.00 79.00 97.00 OK
r-oldrel-macos-x86_64 0.7.0 NOTE
r-oldrel-windows-ix86+x86_64 0.7.0 23.00 88.00 111.00 OK

Check Details

Version: 0.7.0
Check: dependencies in R code
Result: NOTE
    Namespace in Imports field not imported from: ‘Rcpp’
     All declared Imports should be used.
Flavors: r-devel-linux-x86_64-fedora-clang, r-devel-linux-x86_64-fedora-gcc, r-devel-windows-x86_64-new-TK, r-release-macos-arm64, r-release-macos-x86_64, r-oldrel-macos-x86_64

Version: 0.7.0
Check: data for non-ASCII characters
Result: NOTE
     Note: found 113868 marked UTF-8 strings
Flavors: r-devel-linux-x86_64-fedora-clang, r-devel-linux-x86_64-fedora-gcc, r-devel-windows-x86_64-new-TK, r-release-macos-arm64, r-release-macos-x86_64, r-oldrel-macos-x86_64