CRAN Package Check Results for Package rubias

Last updated on 2018-05-23 15:48:02 CEST.

Flavor Version Tinstall Tcheck Ttotal Status Flags
r-devel-linux-x86_64-debian-clang 0.1.0 63.83 220.85 284.68 OK
r-devel-linux-x86_64-debian-gcc 0.1.0 0.41 1.45 1.86 ERROR
r-devel-linux-x86_64-fedora-clang 0.1.0 477.66 NOTE
r-devel-linux-x86_64-fedora-gcc 0.1.0 527.09 NOTE
r-devel-windows-ix86+x86_64 0.1.0 107.00 356.00 463.00 OK
r-patched-linux-x86_64 0.1.0 67.43 251.08 318.51 OK
r-patched-solaris-x86 0.1.0 917.60 NOTE
r-release-linux-x86_64 0.1.0 62.20 246.28 308.48 OK
r-release-windows-ix86+x86_64 0.1.0 158.00 331.00 489.00 OK
r-release-osx-x86_64 0.1.0 NOTE
r-oldrel-windows-ix86+x86_64 0.1.0 152.00 360.00 512.00 OK
r-oldrel-osx-x86_64 0.1.0 NOTE

Check Details

Version: 0.1.0
Check: package dependencies
Result: ERROR
    Packages required but not available:
     ‘dplyr’ ‘ggplot2’ ‘readr’ ‘tibble’ ‘tidyr’
    
    Package suggested but not available for checking: ‘tidyverse’
    
    See section ‘The DESCRIPTION file’ in the ‘Writing R Extensions’
    manual.
Flavor: r-devel-linux-x86_64-debian-gcc

Version: 0.1.0
Check: dependencies in R code
Result: NOTE
    Namespace in Imports field not imported from: ‘ggplot2’
     All declared Imports should be used.
Flavors: r-devel-linux-x86_64-fedora-clang, r-devel-linux-x86_64-fedora-gcc, r-patched-solaris-x86, r-release-osx-x86_64, r-oldrel-osx-x86_64

Version: 0.1.0
Check: installed package size
Result: NOTE
     installed size is 5.1Mb
     sub-directories of 1Mb or more:
     libs 3.6Mb
Flavor: r-devel-linux-x86_64-fedora-gcc