CRAN Package Check Results for Package rubias

Last updated on 2018-08-19 04:47:09 CEST.

Flavor Version Tinstall Tcheck Ttotal Status Flags
r-devel-linux-x86_64-debian-clang 0.1.0 59.61 239.21 298.82 OK
r-devel-linux-x86_64-debian-gcc 0.1.0 58.10 160.64 218.74 OK
r-devel-linux-x86_64-fedora-clang 0.1.0 355.39 NOTE
r-devel-linux-x86_64-fedora-gcc 0.1.0 402.19 NOTE
r-devel-windows-ix86+x86_64 0.1.0 151.00 335.00 486.00 OK
r-patched-linux-x86_64 0.1.0 67.40 238.44 305.84 OK
r-patched-solaris-x86 0.1.0 501.40 NOTE
r-release-linux-x86_64 0.1.0 70.44 244.47 314.91 OK
r-release-windows-ix86+x86_64 0.1.0 158.00 338.00 496.00 OK
r-release-osx-x86_64 0.1.0 NOTE
r-oldrel-windows-ix86+x86_64 0.1.0 117.00 286.00 403.00 OK
r-oldrel-osx-x86_64 0.1.0 NOTE

Check Details

Version: 0.1.0
Check: dependencies in R code
Result: NOTE
    Namespace in Imports field not imported from: ‘ggplot2’
     All declared Imports should be used.
Flavors: r-devel-linux-x86_64-fedora-clang, r-devel-linux-x86_64-fedora-gcc, r-patched-solaris-x86, r-release-osx-x86_64, r-oldrel-osx-x86_64