CRAN Package Check Results for Package rugarch

Last updated on 2024-02-27 09:54:07 CET.

Flavor Version Tinstall Tcheck Ttotal Status Flags
r-devel-linux-x86_64-debian-clang 1.5-1 90.81 356.29 447.10 OK
r-devel-linux-x86_64-debian-gcc 1.5-1 87.43 273.37 360.80 OK
r-devel-linux-x86_64-fedora-clang 1.5-1 573.59 NOTE
r-devel-linux-x86_64-fedora-gcc 1.5-1 575.43 OK
r-devel-windows-x86_64 1.5-1 81.00 279.00 360.00 NOTE
r-patched-linux-x86_64 1.5-1 70.56 356.29 426.85 OK
r-release-linux-x86_64 1.5-1 68.91 351.54 420.45 OK
r-release-macos-arm64 1.5-1 132.00 NOTE
r-release-macos-x86_64 1.5-1 370.00 NOTE
r-release-windows-x86_64 1.5-1 116.00 345.00 461.00 NOTE
r-oldrel-macos-arm64 1.5-1 128.00 NOTE
r-oldrel-windows-x86_64 1.5-1 115.00 335.00 450.00 NOTE

Check Details

Version: 1.5-1
Check: installed package size
Result: NOTE installed size is 7.5Mb sub-directories of 1Mb or more: R 3.0Mb libs 2.1Mb Flavors: r-devel-linux-x86_64-fedora-clang, r-devel-windows-x86_64, r-release-macos-arm64, r-release-macos-x86_64, r-release-windows-x86_64, r-oldrel-macos-arm64, r-oldrel-windows-x86_64