CRAN Package Check Results for Package runjags

Last updated on 2021-01-23 23:47:26 CET.

Flavor Version Tinstall Tcheck Ttotal Status Flags
r-devel-linux-x86_64-debian-clang 2.0.4-6 34.08 195.01 229.09 OK
r-devel-linux-x86_64-debian-gcc 2.0.4-6 25.32 142.77 168.09 OK
r-devel-linux-x86_64-fedora-clang 2.0.4-6 290.70 OK
r-devel-linux-x86_64-fedora-gcc 2.0.4-6 313.63 OK
r-devel-windows-ix86+x86_64 2.0.4-6 61.00 121.00 182.00 OK --no-examples --no-tests --no-vignettes
r-patched-linux-x86_64 2.0.4-6 29.54 181.72 211.26 OK
r-patched-solaris-x86 2.0.4-6 489.90 OK
r-release-linux-x86_64 2.0.4-6 29.81 182.80 212.61 WARN
r-release-macos-x86_64 2.0.4-6 OK
r-release-windows-ix86+x86_64 2.0.4-6 50.00 129.00 179.00 OK --no-examples --no-tests --no-vignettes
r-oldrel-macos-x86_64 2.0.4-6 OK
r-oldrel-windows-ix86+x86_64 2.0.4-6 43.00 128.00 171.00 OK --no-examples --no-tests --no-vignettes

Check Details

Version: 2.0.4-6
Check: re-building of vignette outputs
Result: WARN
    Error(s) in re-building vignettes:
     ...
    --- re-building ‘quickjags.Rmd’ using knitr
    --- finished re-building ‘quickjags.Rmd’
    
    --- re-building ‘UserGuide.Rtex’ using Sweave
    Error: processing vignette 'UserGuide.Rtex' failed with diagnostics:
    Running ‘texi2dvi’ on ‘UserGuide.tex’ failed.
    LaTeX errors:
    ! Undefined control sequence.
    <recently read> \Hy@colorlink
    
    l.54 \begin{document}
    
    ! Undefined control sequence.
    \close@pdflink ->\Hy@endcolorlink
     \Hy@VerboseLinkStop \pdfendlink
    l.54 \begin{document}
    
    ! Undefined control sequence.
    <recently read> \Hy@colorlink
    
    l.54 \begin{document}
    
    ! Undefined control sequence.
    \close@pdflink ->\Hy@endcolorlink
     \Hy@VerboseLinkStop \pdfendlink
    l.54 \begin{document}
    
    --- failed re-building ‘UserGuide.Rtex’
    
    SUMMARY: processing the following file failed:
     ‘UserGuide.Rtex’
    
    Error: Vignette re-building failed.
    Execution halted
Flavor: r-release-linux-x86_64