CRAN Package Check Results for Package runjags

Last updated on 2022-10-07 16:49:55 CEST.

Flavor Version Tinstall Tcheck Ttotal Status Flags
r-devel-linux-x86_64-debian-clang 2.2.1-7 30.19 250.42 280.61 NOTE
r-devel-linux-x86_64-debian-gcc 2.2.1-7 22.48 181.90 204.38 NOTE
r-devel-linux-x86_64-fedora-clang 2.2.1-7 382.86 NOTE
r-devel-linux-x86_64-fedora-gcc 2.2.1-7 391.93 NOTE
r-devel-windows-x86_64 2.2.1-7 68.00 91.00 159.00 NOTE --no-examples --no-tests --no-vignettes
r-patched-linux-x86_64 2.2.1-7 27.31 247.70 275.01 OK
r-release-linux-x86_64 2.2.1-7 28.50 235.71 264.21 OK
r-release-macos-arm64 2.2.1-7 188.00 OK
r-release-macos-x86_64 2.2.1-7 177.00 NOTE
r-release-windows-x86_64 2.2.1-7 58.00 91.00 149.00 OK --no-examples --no-tests --no-vignettes
r-oldrel-macos-arm64 2.2.1-7 201.00 OK
r-oldrel-macos-x86_64 2.2.1-7 256.00 OK
r-oldrel-windows-ix86+x86_64 2.2.1-7 64.00 111.00 175.00 OK --no-examples --no-tests --no-vignettes

Check Details

Version: 2.2.1-7
Check: Rd files
Result: NOTE
    checkRd: (-1) run.jags.study.Rd:67: Escaped LaTeX specials: \$
Flavors: r-devel-linux-x86_64-debian-clang, r-devel-linux-x86_64-debian-gcc, r-devel-linux-x86_64-fedora-clang, r-devel-linux-x86_64-fedora-gcc

Version: 2.2.1-7
Check: compilation flags used
Result: NOTE
    Compilation used the following non-portable flag(s):
     ‘-Wstrict-prototypes’
Flavor: r-devel-linux-x86_64-debian-gcc

Version: 2.2.1-7
Flags: --no-examples --no-tests --no-vignettes
Check: Rd files
Result: NOTE
    checkRd: (-1) run.jags.study.Rd:67: Escaped LaTeX specials: \$
Flavor: r-devel-windows-x86_64

Version: 2.2.1-7
Check: package dependencies
Result: NOTE
    Package suggested but not available for checking: ‘rjags’
Flavor: r-release-macos-x86_64

Version: 2.2.1-7
Check: Rd cross-references
Result: NOTE
    Package unavailable to check Rd xrefs: ‘rjags’
Flavor: r-release-macos-x86_64