CRAN Package Check Results for Package runner

Last updated on 2022-05-24 10:51:14 CEST.

Flavor Version Tinstall Tcheck Ttotal Status Flags
r-devel-linux-x86_64-debian-clang 0.4.1 69.84 52.48 122.32 WARN
r-devel-linux-x86_64-debian-gcc 0.4.1 53.89 39.94 93.83 OK
r-devel-linux-x86_64-fedora-clang 0.4.1 180.33 WARN
r-devel-linux-x86_64-fedora-gcc 0.4.1 143.07 OK
r-devel-windows-x86_64 0.4.1 78.00 105.00 183.00 OK
r-patched-linux-x86_64 0.4.1 59.33 50.77 110.10 OK
r-release-linux-x86_64 0.4.1 OK
r-release-macos-arm64 0.4.1 42.00 OK
r-release-macos-x86_64 0.4.1 63.00 OK
r-release-windows-x86_64 0.4.1 80.00 110.00 190.00 OK
r-oldrel-macos-arm64 0.4.1 53.00 OK
r-oldrel-macos-x86_64 0.4.1 60.00 OK
r-oldrel-windows-ix86+x86_64 0.4.1 159.00 105.00 264.00 OK

Additional issues

clang14

Check Details

Version: 0.4.1
Check: whether package can be installed
Result: WARN
    Found the following significant warnings:
     lag_run.cpp:31:7: warning: use of bitwise '&' with boolean operands [-Wbitwise-instead-of-logical]
     lag_run.cpp:42:14: warning: use of bitwise '&' with boolean operands [-Wbitwise-instead-of-logical]
     lag_run.cpp:53:14: warning: use of bitwise '&' with boolean operands [-Wbitwise-instead-of-logical]
     lag_run.cpp:64:14: warning: use of bitwise '&' with boolean operands [-Wbitwise-instead-of-logical]
     ./vector_funs.h:167:15: warning: use of bitwise '&' with boolean operands [-Wbitwise-instead-of-logical]
     ./vector_funs.h:178:15: warning: use of bitwise '&' with boolean operands [-Wbitwise-instead-of-logical]
     ./vector_funs.h:193:15: warning: use of bitwise '&' with boolean operands [-Wbitwise-instead-of-logical]
     ./vector_funs.h:206:15: warning: use of bitwise '&' with boolean operands [-Wbitwise-instead-of-logical]
     ./vector_funs.h:351:15: warning: use of bitwise '&' with boolean operands [-Wbitwise-instead-of-logical]
     ./vector_funs.h:364:15: warning: use of bitwise '&' with boolean operands [-Wbitwise-instead-of-logical]
     ./vector_funs.h:382:15: warning: use of bitwise '&' with boolean operands [-Wbitwise-instead-of-logical]
     ./vector_funs.h:397:15: warning: use of bitwise '&' with boolean operands [-Wbitwise-instead-of-logical]
Flavors: r-devel-linux-x86_64-debian-clang, r-devel-linux-x86_64-fedora-clang