CRAN Package Check Results for Package rvec

Last updated on 2024-02-24 19:50:51 CET.

Flavor Version Tinstall Tcheck Ttotal Status Flags
r-devel-linux-x86_64-debian-clang 0.0.6 9.35 97.05 106.40 OK
r-devel-linux-x86_64-debian-gcc 0.0.6 5.84 72.47 78.31 OK
r-devel-linux-x86_64-fedora-clang 0.0.6 127.97 OK
r-devel-linux-x86_64-fedora-gcc 0.0.6 142.36 OK
r-devel-windows-x86_64 0.0.6 9.00 97.00 106.00 OK
r-patched-linux-x86_64 0.0.6 8.83 92.84 101.67 OK
r-release-linux-x86_64 0.0.6 8.77 94.78 103.55 OK
r-release-macos-arm64 0.0.6 46.00 WARN
r-release-macos-x86_64 0.0.6 100.00 WARN
r-release-windows-x86_64 0.0.6 11.00 116.00 127.00 OK

Check Details

Version: 0.0.6
Check: S3 generic/method consistency
Result: WARN matrixOps: function(e1, e2) matrixOps.rvec: function(x, y) See section ‘Generic functions and methods’ in the ‘Writing R Extensions’ manual. Flavors: r-release-macos-arm64, r-release-macos-x86_64