CRAN Package Check Results for Package rvest

Last updated on 2020-07-05 14:48:36 CEST.

Flavor Version Tinstall Tcheck Ttotal Status Flags
r-devel-linux-x86_64-debian-clang 0.3.5 3.19 30.65 33.84 ERROR
r-devel-linux-x86_64-debian-gcc 0.3.5 2.59 25.16 27.75 ERROR
r-devel-linux-x86_64-fedora-clang 0.3.5 49.13 ERROR
r-devel-linux-x86_64-fedora-gcc 0.3.5 39.67 OK
r-devel-windows-ix86+x86_64 0.3.5 9.00 57.00 66.00 ERROR
r-patched-linux-x86_64 0.3.5 3.34 31.21 34.55 ERROR
r-patched-solaris-x86 0.3.5 64.60 ERROR
r-release-linux-x86_64 0.3.5 3.14 31.43 34.57 ERROR
r-release-osx-x86_64 0.3.5 OK
r-release-windows-ix86+x86_64 0.3.5 8.00 52.00 60.00 ERROR
r-oldrel-osx-x86_64 0.3.5 OK
r-oldrel-windows-ix86+x86_64 0.3.5 7.00 62.00 69.00 ERROR

Check Details

Version: 0.3.5
Check: examples
Result: ERROR
    Running examples in 'rvest-Ex.R' failed
    The error most likely occurred in:
    
    > base::assign(".ptime", proc.time(), pos = "CheckExEnv")
    > ### Name: submit_form
    > ### Title: Submit a form back to the server.
    > ### Aliases: submit_form
    >
    > ### ** Examples
    >
    > test <- google_form("1M9B8DsYNFyDjpwSK6ur_bZf8Rv_04ma3rmaaBiveoUI")
    > f0 <- html_form(test)[[1]]
    > f1 <- set_values(f0, entry.564397473 = "abc")
    Error: Unknown field names: entry.564397473
    Execution halted
Flavors: r-devel-linux-x86_64-debian-clang, r-devel-linux-x86_64-debian-gcc, r-patched-linux-x86_64, r-release-linux-x86_64

Version: 0.3.5
Check: examples
Result: ERROR
    Running examples in ‘rvest-Ex.R’ failed
    The error most likely occurred in:
    
    > ### Name: submit_form
    > ### Title: Submit a form back to the server.
    > ### Aliases: submit_form
    >
    > ### ** Examples
    >
    > test <- google_form("1M9B8DsYNFyDjpwSK6ur_bZf8Rv_04ma3rmaaBiveoUI")
    > f0 <- html_form(test)[[1]]
    > f1 <- set_values(f0, entry.564397473 = "abc")
    Error: Unknown field names: entry.564397473
    Execution halted
Flavors: r-devel-linux-x86_64-fedora-clang, r-devel-windows-ix86+x86_64, r-patched-solaris-x86, r-release-windows-ix86+x86_64, r-oldrel-windows-ix86+x86_64