CRAN Package Check Results for Package rvinecopulib

Last updated on 2018-11-17 06:46:58 CET.

Flavor Version Tinstall Tcheck Ttotal Status Flags
r-devel-linux-x86_64-debian-clang 0.3.0.1.1 111.49 54.02 165.51 OK
r-devel-linux-x86_64-debian-gcc 0.3.0.1.1 108.55 43.70 152.25 OK
r-devel-linux-x86_64-fedora-clang 0.3.0.1.1 237.87 NOTE
r-devel-linux-x86_64-fedora-gcc 0.3.0.1.1 224.09 OK
r-devel-windows-ix86+x86_64 0.3.0.1.1 265.00 123.00 388.00 NOTE
r-patched-linux-x86_64 0.3.0.1.1 131.89 53.51 185.40 OK
r-patched-solaris-x86 0.3.0.1.1 228.60 NOTE
r-release-linux-x86_64 0.3.0.1.1 134.61 54.46 189.07 OK
r-release-windows-ix86+x86_64 0.3.0.1.1 273.00 109.00 382.00 ERROR
r-release-osx-x86_64 0.3.0.1.1 NOTE
r-oldrel-windows-ix86+x86_64 0.3.0.1.1 278.00 274.00 552.00 NOTE
r-oldrel-osx-x86_64 0.3.0.1.1 NOTE

Check Details

Version: 0.3.0.1.1
Check: installed package size
Result: NOTE
     installed size is 7.8Mb
     sub-directories of 1Mb or more:
     include 2.6Mb
     libs 4.9Mb
Flavors: r-devel-linux-x86_64-fedora-clang, r-devel-windows-ix86+x86_64, r-patched-solaris-x86, r-release-windows-ix86+x86_64, r-release-osx-x86_64, r-oldrel-windows-ix86+x86_64, r-oldrel-osx-x86_64

Version: 0.3.0.1.1
Check: running tests for arch ‘x64’
Result: ERROR
     Running 'testthat.R' [4s]
    Running the tests in 'tests/testthat.R' failed.
    Complete output:
     > library(testthat)
     > library(rvinecopulib)
     >
     > test_check("rvinecopulib")
    
     This application has requested the Runtime to terminate it in an unusual way.
     Please contact the application's support team for more information.
    
     This application has requested the Runtime to terminate it in an unusual way.
     Please contact the application's support team for more information.
     terminate called recursively
     terminate called after throwing an instance of 'std::exception'
     what(): std::exception
Flavor: r-release-windows-ix86+x86_64