CRAN Package Check Results for Package rvinecopulib

Last updated on 2019-02-16 13:46:36 CET.

Flavor Version Tinstall Tcheck Ttotal Status Flags
r-devel-linux-x86_64-debian-clang 0.3.0.1.1 116.38 54.06 170.44 NOTE
r-devel-linux-x86_64-debian-gcc 0.3.0.1.1 101.02 43.61 144.63 NOTE
r-devel-linux-x86_64-fedora-clang 0.3.0.1.1 243.08 NOTE
r-devel-linux-x86_64-fedora-gcc 0.3.0.1.1 227.38 NOTE
r-devel-windows-ix86+x86_64 0.3.0.1.1 280.00 154.00 434.00 NOTE
r-patched-linux-x86_64 0.3.0.1.1 115.73 54.27 170.00 OK
r-patched-solaris-x86 0.3.0.1.1 212.30 NOTE
r-release-linux-x86_64 0.3.0.1.1 OK
r-release-windows-ix86+x86_64 0.3.0.1.1 194.00 141.00 335.00 NOTE
r-release-osx-x86_64 0.3.0.1.1 NOTE
r-oldrel-windows-ix86+x86_64 0.3.0.1.1 282.00 219.00 501.00 NOTE
r-oldrel-osx-x86_64 0.3.0.1.1 NOTE

Check Details

Version: 0.3.0.1.1
Check: line endings in C/C++/Fortran sources/headers
Result: NOTE
    Found the following sources/headers not terminated with a newline:
     inst/include/vinecopulib/misc/tools_bobyqa.hpp
    Some compilers warn on such files.
Flavors: r-devel-linux-x86_64-debian-clang, r-devel-linux-x86_64-debian-gcc, r-devel-linux-x86_64-fedora-clang, r-devel-linux-x86_64-fedora-gcc, r-devel-windows-ix86+x86_64

Version: 0.3.0.1.1
Check: installed package size
Result: NOTE
     installed size is 7.9Mb
     sub-directories of 1Mb or more:
     include 2.6Mb
     libs 4.9Mb
Flavors: r-devel-linux-x86_64-fedora-clang, r-devel-windows-ix86+x86_64, r-patched-solaris-x86, r-release-windows-ix86+x86_64, r-release-osx-x86_64, r-oldrel-windows-ix86+x86_64, r-oldrel-osx-x86_64