CRAN Package Check Results for Package rvinecopulib

Last updated on 2018-08-19 09:48:20 CEST.

Flavor Version Tinstall Tcheck Ttotal Status Flags
r-devel-linux-x86_64-debian-clang 0.3.0.1.0 109.89 55.01 164.90 OK
r-devel-linux-x86_64-debian-gcc 0.3.0.1.0 115.31 45.07 160.38 OK
r-devel-linux-x86_64-fedora-clang 0.3.0.1.0 224.97 NOTE
r-devel-linux-x86_64-fedora-gcc 0.3.0.1.0 241.21 OK
r-devel-windows-ix86+x86_64 0.3.0.1.0 278.00 157.00 435.00 NOTE
r-patched-linux-x86_64 0.3.0.1.0 118.76 54.07 172.83 OK
r-patched-solaris-x86 0.3.0.1.0 72.60 ERROR
r-release-linux-x86_64 0.3.0.1.0 119.48 53.03 172.51 OK
r-release-windows-ix86+x86_64 0.3.0.1.0 287.00 101.00 388.00 NOTE
r-release-osx-x86_64 0.3.0.1.0 NOTE
r-oldrel-windows-ix86+x86_64 0.3.0.1.0 228.00 111.00 339.00 NOTE
r-oldrel-osx-x86_64 0.3.0.1.0 NOTE

Check Details

Version: 0.3.0.1.0
Check: installed package size
Result: NOTE
     installed size is 7.9Mb
     sub-directories of 1Mb or more:
     include 2.6Mb
     libs 5.0Mb
Flavors: r-devel-linux-x86_64-fedora-clang, r-devel-windows-ix86+x86_64, r-release-windows-ix86+x86_64, r-release-osx-x86_64, r-oldrel-windows-ix86+x86_64, r-oldrel-osx-x86_64

Version: 0.3.0.1.0
Check: whether package can be installed
Result: ERROR
    Installation failed.
Flavor: r-patched-solaris-x86