Last updated on 2022-06-27 16:52:05 CEST.
Flavor | Version | Tinstall | Tcheck | Ttotal | Status | Flags |
---|---|---|---|---|---|---|
r-devel-linux-x86_64-debian-clang | 0.6.1.1.3 | 155.39 | 75.82 | 231.21 | OK | |
r-devel-linux-x86_64-debian-gcc | 0.6.1.1.3 | 140.67 | 58.57 | 199.24 | OK | |
r-devel-linux-x86_64-fedora-clang | 0.6.1.1.3 | 331.75 | NOTE | |||
r-devel-linux-x86_64-fedora-gcc | 0.6.1.1.3 | 333.68 | OK | |||
r-devel-windows-x86_64 | 0.6.1.1.3 | 187.00 | 139.00 | 326.00 | NOTE | |
r-patched-linux-x86_64 | 0.6.1.1.3 | 149.56 | 78.46 | 228.02 | OK | |
r-release-linux-x86_64 | 0.6.1.1.3 | 140.29 | 77.55 | 217.84 | OK | |
r-release-macos-arm64 | 0.6.1.1.3 | 89.00 | NOTE | |||
r-release-macos-x86_64 | 0.6.1.1.3 | 111.00 | NOTE | |||
r-release-windows-x86_64 | 0.6.1.1.3 | 179.00 | 142.00 | 321.00 | NOTE | |
r-oldrel-macos-arm64 | 0.6.1.1.3 | 78.00 | NOTE | |||
r-oldrel-macos-x86_64 | 0.6.1.1.3 | 107.00 | NOTE | |||
r-oldrel-windows-ix86+x86_64 | 0.6.1.1.3 | 323.00 | 171.00 | 494.00 | NOTE |
Version: 0.6.1.1.3
Check: installed package size
Result: NOTE
installed size is 52.5Mb
sub-directories of 1Mb or more:
include 5.0Mb
libs 47.1Mb
Flavors: r-devel-linux-x86_64-fedora-clang, r-devel-windows-x86_64, r-release-macos-arm64, r-release-macos-x86_64, r-release-windows-x86_64, r-oldrel-macos-arm64, r-oldrel-macos-x86_64, r-oldrel-windows-ix86+x86_64
Version: 0.6.1.1.3
Check: Rd cross-references
Result: NOTE
Undeclared package ‘wdm’ in Rd xrefs
Flavor: r-devel-linux-x86_64-fedora-clang