CRAN Package Check Results for Package rxode2

Last updated on 2024-02-22 20:50:16 CET.

Flavor Version Tinstall Tcheck Ttotal Status Flags
r-devel-linux-x86_64-debian-clang 2.1.2 OK
r-devel-linux-x86_64-debian-gcc 2.1.2 242.89 273.25 516.14 OK
r-devel-linux-x86_64-fedora-clang 2.1.2 906.65 OK
r-devel-linux-x86_64-fedora-gcc 2.1.2 963.19 OK
r-devel-windows-x86_64 2.1.2 243.00 391.00 634.00 NOTE
r-patched-linux-x86_64 2.1.2 316.95 365.22 682.17 OK
r-release-linux-x86_64 2.1.2 300.02 367.30 667.32 OK
r-release-macos-arm64 2.1.2 220.00 OK
r-release-macos-x86_64 2.1.2 352.00 OK
r-release-windows-x86_64 2.1.2 310.00 475.00 785.00 NOTE
r-oldrel-macos-arm64 2.1.2 204.00 OK
r-oldrel-windows-x86_64 2.1.2 289.00 412.00 701.00 NOTE

Check Details

Version: 2.1.2
Check: installed package size
Result: NOTE installed size is 5.3Mb sub-directories of 1Mb or more: R 1.0Mb libs 2.6Mb Flavors: r-devel-windows-x86_64, r-release-windows-x86_64, r-oldrel-windows-x86_64