CRAN Package Check Results for Package rxode2et

Last updated on 2024-02-22 06:51:52 CET.

Flavor Version Tinstall Tcheck Ttotal Status Flags
r-devel-linux-x86_64-debian-clang 2.0.12 OK
r-devel-linux-x86_64-debian-gcc 2.0.12 81.13 55.53 136.66 OK
r-devel-linux-x86_64-fedora-clang 2.0.12 222.91 OK
r-devel-linux-x86_64-fedora-gcc 2.0.12 233.75 OK
r-devel-windows-x86_64 2.0.12 80.00 99.00 179.00 OK
r-patched-linux-x86_64 2.0.12 97.52 70.99 168.51 OK
r-release-linux-x86_64 2.0.12 98.32 71.31 169.63 OK
r-release-macos-arm64 2.0.12 64.00 NOTE
r-release-macos-x86_64 2.0.12 102.00 NOTE
r-release-windows-x86_64 2.0.12 102.00 116.00 218.00 OK
r-oldrel-macos-arm64 2.0.12 61.00 NOTE
r-oldrel-windows-x86_64 2.0.12 81.00 112.00 193.00 OK

Check Details

Version: 2.0.12
Check: installed package size
Result: NOTE installed size is 6.9Mb sub-directories of 1Mb or more: libs 6.7Mb Flavors: r-release-macos-arm64, r-release-macos-x86_64, r-oldrel-macos-arm64