CRAN Package Check Results for Package sBIC

Last updated on 2018-11-21 10:50:58 CET.

Flavor Version Tinstall Tcheck Ttotal Status Flags
r-devel-linux-x86_64-debian-clang 0.2.0 15.59 157.24 172.83 OK
r-devel-linux-x86_64-debian-gcc 0.2.0 13.62 111.35 124.97 OK
r-devel-linux-x86_64-fedora-clang 0.2.0 198.03 NOTE
r-devel-linux-x86_64-fedora-gcc 0.2.0 190.57 NOTE
r-devel-windows-ix86+x86_64 0.2.0 39.00 235.00 274.00 OK
r-patched-linux-x86_64 0.2.0 18.14 148.02 166.16 OK
r-patched-solaris-x86 0.2.0 261.60 OK
r-release-linux-x86_64 0.2.0 17.67 146.38 164.05 OK
r-release-windows-ix86+x86_64 0.2.0 30.00 195.00 225.00 OK
r-release-osx-x86_64 0.2.0 OK
r-oldrel-windows-ix86+x86_64 0.2.0 40.00 301.00 341.00 OK
r-oldrel-osx-x86_64 0.2.0 OK

Check Details

Version: 0.2.0
Check: compiled code
Result: NOTE
    File ‘sBIC/libs/sBIC.so’:
     Found no calls to: ‘R_registerRoutines’, ‘R_useDynamicSymbols’
    
    It is good practice to register native routines and to disable symbol
    search.
    
    See ‘Writing portable packages’ in the ‘Writing R Extensions’ manual.
Flavors: r-devel-linux-x86_64-fedora-clang, r-devel-linux-x86_64-fedora-gcc