CRAN Package Check Results for Package sBIC

Last updated on 2018-05-23 16:48:27 CEST.

Flavor Version Tinstall Tcheck Ttotal Status Flags
r-devel-linux-x86_64-debian-clang 0.2.0 15.37 157.03 172.40 NOTE
r-devel-linux-x86_64-debian-gcc 0.2.0 12.96 111.89 124.85 NOTE
r-devel-linux-x86_64-fedora-clang 0.2.0 201.93 NOTE
r-devel-linux-x86_64-fedora-gcc 0.2.0 195.26 NOTE
r-devel-windows-ix86+x86_64 0.2.0 31.00 241.00 272.00 OK
r-patched-linux-x86_64 0.2.0 18.63 146.80 165.43 NOTE
r-patched-solaris-x86 0.2.0 254.60 OK
r-release-linux-x86_64 0.2.0 17.80 146.23 164.03 NOTE
r-release-windows-ix86+x86_64 0.2.0 41.00 237.00 278.00 OK
r-release-osx-x86_64 0.2.0 OK
r-oldrel-windows-ix86+x86_64 0.2.0 39.00 303.00 342.00 OK
r-oldrel-osx-x86_64 0.2.0 OK

Check Details

Version: 0.2.0
Check: compiled code
Result: NOTE
    File ‘sBIC/libs/sBIC.so’:
     Found no calls to: ‘R_registerRoutines’, ‘R_useDynamicSymbols’
    
    It is good practice to register native routines and to disable symbol
    search.
    
    See ‘Writing portable packages’ in the ‘Writing R Extensions’ manual.
Flavors: r-devel-linux-x86_64-debian-clang, r-devel-linux-x86_64-debian-gcc, r-devel-linux-x86_64-fedora-clang, r-devel-linux-x86_64-fedora-gcc, r-patched-linux-x86_64, r-release-linux-x86_64