CRAN Package Check Results for Package sBIC

Last updated on 2019-02-21 07:48:52 CET.

Flavor Version Tinstall Tcheck Ttotal Status Flags
r-devel-linux-x86_64-debian-clang 0.2.0 19.00 154.55 173.55 OK
r-devel-linux-x86_64-debian-gcc 0.2.0 13.92 113.72 127.64 OK
r-devel-linux-x86_64-fedora-clang 0.2.0 220.22 NOTE
r-devel-linux-x86_64-fedora-gcc 0.2.0 203.20 NOTE
r-devel-windows-ix86+x86_64 0.2.0 45.00 242.00 287.00 OK
r-patched-linux-x86_64 0.2.0 OK
r-patched-solaris-x86 0.2.0 270.40 OK
r-release-linux-x86_64 0.2.0 OK
r-release-windows-ix86+x86_64 0.2.0 27.00 234.00 261.00 OK
r-release-osx-x86_64 0.2.0 OK
r-oldrel-windows-ix86+x86_64 0.2.0 32.00 252.00 284.00 OK
r-oldrel-osx-x86_64 0.2.0 OK

Check Details

Version: 0.2.0
Check: compiled code
Result: NOTE
    File ‘sBIC/libs/sBIC.so’:
     Found no calls to: ‘R_registerRoutines’, ‘R_useDynamicSymbols’
    
    It is good practice to register native routines and to disable symbol
    search.
    
    See ‘Writing portable packages’ in the ‘Writing R Extensions’ manual.
Flavors: r-devel-linux-x86_64-fedora-clang, r-devel-linux-x86_64-fedora-gcc