CRAN Package Check Results for Package sFFLHD

Last updated on 2019-08-24 11:46:59 CEST.

Flavor Version Tinstall Tcheck Ttotal Status Flags
r-devel-linux-x86_64-debian-clang 0.1.2 4.71 55.87 60.58 OK
r-devel-linux-x86_64-debian-gcc 0.1.2 3.35 43.13 46.48 OK
r-devel-linux-x86_64-fedora-clang 0.1.2 73.62 NOTE
r-devel-linux-x86_64-fedora-gcc 0.1.2 70.90 NOTE
r-devel-windows-ix86+x86_64 0.1.2 12.00 96.00 108.00 OK
r-patched-linux-x86_64 0.1.2 4.15 56.28 60.43 OK
r-patched-solaris-x86 0.1.2 105.90 NOTE
r-release-linux-x86_64 0.1.2 4.70 54.68 59.38 OK
r-release-windows-ix86+x86_64 0.1.2 12.00 96.00 108.00 OK
r-release-osx-x86_64 0.1.2 NOTE
r-oldrel-windows-ix86+x86_64 0.1.2 8.00 94.00 102.00 OK
r-oldrel-osx-x86_64 0.1.2 NOTE

Check Details

Version: 0.1.2
Check: dependencies in R code
Result: NOTE
    Namespace in Imports field not imported from: ‘R6’
     All declared Imports should be used.
Flavors: r-devel-linux-x86_64-fedora-clang, r-devel-linux-x86_64-fedora-gcc, r-patched-solaris-x86, r-release-osx-x86_64, r-oldrel-osx-x86_64