CRAN Package Check Results for Package sFFLHD

Last updated on 2019-05-27 09:50:34 CEST.

Flavor Version Tinstall Tcheck Ttotal Status Flags
r-devel-linux-x86_64-debian-clang 0.1.2 4.62 55.63 60.25 OK
r-devel-linux-x86_64-debian-gcc 0.1.2 2.74 42.14 44.88 OK
r-devel-linux-x86_64-fedora-clang 0.1.2 69.38 NOTE
r-devel-linux-x86_64-fedora-gcc 0.1.2 66.84 NOTE
r-devel-windows-ix86+x86_64 0.1.2 7.00 90.00 97.00 OK
r-patched-linux-x86_64 0.1.2 OK
r-patched-solaris-x86 0.1.2 105.50 NOTE
r-release-linux-x86_64 0.1.2 3.77 52.24 56.01 OK
r-release-windows-ix86+x86_64 0.1.2 12.00 65.00 77.00 OK
r-release-osx-x86_64 0.1.2 NOTE
r-oldrel-windows-ix86+x86_64 0.1.2 9.00 68.00 77.00 OK
r-oldrel-osx-x86_64 0.1.2 NOTE

Check Details

Version: 0.1.2
Check: dependencies in R code
Result: NOTE
    Namespace in Imports field not imported from: ‘R6’
     All declared Imports should be used.
Flavors: r-devel-linux-x86_64-fedora-clang, r-devel-linux-x86_64-fedora-gcc, r-patched-solaris-x86, r-release-osx-x86_64, r-oldrel-osx-x86_64