CRAN Package Check Results for Package sae2

Last updated on 2024-07-22 14:59:38 CEST.

Flavor Version Tinstall Tcheck Ttotal Status Flags
r-devel-linux-x86_64-debian-clang 1.2-1 13.69 96.84 110.53 OK
r-devel-linux-x86_64-debian-gcc 1.2-1 9.94 72.24 82.18 NOTE
r-devel-linux-x86_64-fedora-clang 1.2-1 136.41 OK
r-devel-linux-x86_64-fedora-gcc 1.2-1 127.21 OK
r-devel-windows-x86_64 1.2-1 12.00 82.00 94.00 NOTE
r-patched-linux-x86_64 1.2-1 13.61 89.83 103.44 OK
r-release-linux-x86_64 1.2-1 11.26 91.23 102.49 OK
r-release-macos-arm64 1.2-1 55.00 OK
r-release-macos-x86_64 1.2-1 72.00 OK
r-release-windows-x86_64 1.2-1 10.00 80.00 90.00 OK
r-oldrel-macos-arm64 1.2-1 49.00 OK
r-oldrel-macos-x86_64 1.2-1 81.00 OK
r-oldrel-windows-x86_64 1.2-1 14.00 100.00 114.00 OK

Check Details

Version: 1.2-1
Check: Rd cross-references
Result: NOTE Found the following Rd file(s) with Rd \link{} targets missing package anchors: mvrnormSeries.Rd: mvrnorm Please provide package anchors for all Rd \link{} targets not in the package itself and the base packages. Flavors: r-devel-linux-x86_64-debian-gcc, r-devel-windows-x86_64