CRAN Package Check Results for Package saeHB.unit

Last updated on 2024-03-04 05:55:05 CET.

Flavor Version Tinstall Tcheck Ttotal Status Flags
r-devel-linux-x86_64-debian-clang 0.1.0 2.67 52.20 54.87 OK
r-devel-linux-x86_64-debian-gcc 0.1.0 1.71 39.97 41.68 OK
r-devel-linux-x86_64-fedora-clang 0.1.0 67.67 NOTE
r-devel-linux-x86_64-fedora-gcc 0.1.0 65.04 OK
r-devel-windows-x86_64 0.1.0 5.00 65.00 70.00 OK
r-patched-linux-x86_64 0.1.0 2.34 49.91 52.25 OK
r-release-linux-x86_64 0.1.0 2.60 50.69 53.29 OK
r-release-macos-arm64 0.1.0 30.00 OK
r-release-macos-x86_64 0.1.0 54.00 OK
r-release-windows-x86_64 0.1.0 5.00 73.00 78.00 OK
r-oldrel-macos-arm64 0.1.0 561.00 OK
r-oldrel-windows-x86_64 0.1.0 4.00 72.00 76.00 OK

Check Details

Version: 0.1.0
Check: Rd cross-references
Result: NOTE Undeclared package ‘ggplot2’ in Rd xrefs Flavor: r-devel-linux-x86_64-fedora-clang