CRAN Package Check Results for Package salesforcer

Last updated on 2024-02-23 01:51:42 CET.

Flavor Version Tinstall Tcheck Ttotal Status Flags
r-devel-linux-x86_64-debian-clang 1.0.1 NOTE
r-devel-linux-x86_64-debian-gcc 1.0.1 19.11 160.31 179.42 NOTE
r-devel-linux-x86_64-fedora-clang 1.0.1 284.72 OK
r-devel-linux-x86_64-fedora-gcc 1.0.1 283.75 OK
r-devel-windows-x86_64 1.0.1 21.00 244.00 265.00 OK
r-patched-linux-x86_64 1.0.1 20.18 185.74 205.92 OK
r-release-linux-x86_64 1.0.1 13.71 185.49 199.20 OK
r-release-macos-arm64 1.0.1 80.00 OK
r-release-macos-x86_64 1.0.1 131.00 OK
r-release-windows-x86_64 1.0.1 27.00 243.00 270.00 OK
r-oldrel-macos-arm64 1.0.1 65.00 OK
r-oldrel-windows-x86_64 1.0.1 28.00 178.00 206.00 OK

Check Details

Version: 1.0.1
Check: Rd files
Result: NOTE checkRd: (-1) sf_get_all_jobs_bulk.Rd:42-43: Lost braces in \itemize; meant \describe ? checkRd: (-1) sf_get_all_jobs_bulk.Rd:44-46: Lost braces in \itemize; meant \describe ? checkRd: (-1) sf_get_all_query_jobs_bulk.Rd:43-44: Lost braces in \itemize; meant \describe ? checkRd: (-1) sf_get_all_query_jobs_bulk.Rd:45-47: Lost braces in \itemize; meant \describe ? checkRd: (-1) sf_get_all_query_jobs_bulk.Rd:48-50: Lost braces in \itemize; meant \describe ? checkRd: (-1) valid_metadata_list.Rd:10: Lost braces 10 | code{list}; contains name and valid inputs for data types | ^ Flavors: r-devel-linux-x86_64-debian-clang, r-devel-linux-x86_64-debian-gcc