Last updated on 2022-06-30 04:50:14 CEST.
Flavor | Version | Tinstall | Tcheck | Ttotal | Status | Flags |
---|---|---|---|---|---|---|
r-devel-linux-x86_64-debian-clang | 0.3.0 | 205.26 | 38.52 | 243.78 | OK | |
r-devel-linux-x86_64-debian-gcc | 0.3.0 | 176.92 | 31.30 | 208.22 | OK | |
r-devel-linux-x86_64-fedora-clang | 0.3.0 | 405.13 | OK | |||
r-devel-linux-x86_64-fedora-gcc | 0.3.0 | 397.25 | OK | |||
r-devel-windows-x86_64 | 0.3.0 | 28.00 | 90.00 | 118.00 | OK | |
r-patched-linux-x86_64 | 0.3.0 | 212.44 | 39.73 | 252.17 | OK | |
r-release-linux-x86_64 | 0.3.0 | 215.68 | 39.45 | 255.13 | OK | |
r-release-macos-arm64 | 0.3.0 | 25.00 | NOTE | |||
r-release-macos-x86_64 | 0.3.0 | 33.00 | NOTE | |||
r-release-windows-x86_64 | 0.3.0 | 11.00 | 90.00 | 101.00 | OK | |
r-oldrel-macos-arm64 | 0.3.0 | 24.00 | NOTE | |||
r-oldrel-macos-x86_64 | 0.3.0 | 33.00 | NOTE | |||
r-oldrel-windows-ix86+x86_64 | 0.3.0 | 15.00 | 108.00 | 123.00 | OK |
Version: 0.3.0
Check: installed package size
Result: NOTE
installed size is 6.8Mb
sub-directories of 1Mb or more:
libs 6.5Mb
Flavors: r-release-macos-arm64, r-release-macos-x86_64, r-oldrel-macos-arm64, r-oldrel-macos-x86_64