CRAN Package Check Results for Package sampling

Last updated on 2020-01-27 04:48:25 CET.

Flavor Version Tinstall Tcheck Ttotal Status Flags
r-devel-linux-x86_64-debian-clang 2.8 8.81 93.97 102.78 OK
r-devel-linux-x86_64-debian-gcc 2.8 6.35 70.71 77.06 OK
r-devel-linux-x86_64-fedora-clang 2.8 122.30 NOTE
r-devel-linux-x86_64-fedora-gcc 2.8 127.72 NOTE
r-devel-windows-ix86+x86_64 2.8 22.00 695.00 717.00 OK
r-devel-windows-ix86+x86_64-gcc8 2.8 18.00 620.00 638.00 OK
r-patched-linux-x86_64 2.8 7.19 90.14 97.33 OK
r-patched-solaris-x86 2.8 177.90 OK
r-release-linux-x86_64 2.8 7.34 88.43 95.77 OK
r-release-windows-ix86+x86_64 2.8 17.00 80996.00 81013.00 OK
r-release-osx-x86_64 2.8 OK
r-oldrel-windows-ix86+x86_64 2.8 11.00 145.00 156.00 OK
r-oldrel-osx-x86_64 2.8 OK

Check Details

Version: 2.8
Check: compiled code
Result: NOTE
    File ‘sampling/libs/sampling.so’:
     Found no calls to: ‘R_registerRoutines’, ‘R_useDynamicSymbols’
    
    It is good practice to register native routines and to disable symbol
    search.
    
    See ‘Writing portable packages’ in the ‘Writing R Extensions’ manual.
Flavors: r-devel-linux-x86_64-fedora-clang, r-devel-linux-x86_64-fedora-gcc