CRAN Package Check Results for Package sampling

Last updated on 2019-09-15 08:47:28 CEST.

Flavor Version Tinstall Tcheck Ttotal Status Flags
r-devel-linux-x86_64-debian-clang 2.8 7.92 88.29 96.21 OK
r-devel-linux-x86_64-debian-gcc 2.8 5.99 68.49 74.48 OK
r-devel-linux-x86_64-fedora-clang 2.8 112.32 NOTE
r-devel-linux-x86_64-fedora-gcc 2.8 116.07 NOTE
r-devel-windows-ix86+x86_64 2.8 22.00 711.00 733.00 OK
r-patched-linux-x86_64 2.8 7.40 90.03 97.43 OK
r-patched-solaris-x86 2.8 175.10 OK
r-release-linux-x86_64 2.8 7.83 91.37 99.20 OK
r-release-windows-ix86+x86_64 2.8 12.00 699.00 711.00 OK
r-release-osx-x86_64 2.8 OK
r-oldrel-windows-ix86+x86_64 2.8 16.00 111.00 127.00 OK
r-oldrel-osx-x86_64 2.8 OK

Check Details

Version: 2.8
Check: compiled code
Result: NOTE
    File ‘sampling/libs/sampling.so’:
     Found no calls to: ‘R_registerRoutines’, ‘R_useDynamicSymbols’
    
    It is good practice to register native routines and to disable symbol
    search.
    
    See ‘Writing portable packages’ in the ‘Writing R Extensions’ manual.
Flavors: r-devel-linux-x86_64-fedora-clang, r-devel-linux-x86_64-fedora-gcc