CRAN Package Check Results for Package samr

Last updated on 2018-10-17 03:48:44 CEST.

Flavor Version Tinstall Tcheck Ttotal Status Flags
r-devel-linux-x86_64-debian-gcc 3.0 4.61 58.43 63.04 OK
r-devel-linux-x86_64-fedora-clang 3.0 53.73 OK
r-devel-linux-x86_64-fedora-gcc 3.0 92.73 OK
r-devel-windows-ix86+x86_64 3.0 17.00 169.00 186.00 OK
r-patched-linux-x86_64 3.0 5.65 71.70 77.35 OK
r-patched-solaris-x86 3.0 126.30 OK
r-release-osx-x86_64 2.0 NOTE
r-oldrel-windows-ix86+x86_64 3.0 12.00 123.00 135.00 OK
r-oldrel-osx-x86_64 2.0 NOTE

Check Details

Version: 2.0
Check: DESCRIPTION meta-information
Result: NOTE
    Malformed Description field: should contain one or more complete sentences.
Flavors: r-release-osx-x86_64, r-oldrel-osx-x86_64

Version: 2.0
Check: dependencies in R code
Result: NOTE
    'library' or 'require' calls to packages already attached by Depends:
     ‘impute’ ‘matrixStats’
     Please remove these calls from your code.
    Packages in Depends field not imported from:
     ‘impute’ ‘matrixStats’
     These packages need to be imported from (in the NAMESPACE file)
     for when this namespace is loaded but not attached.
Flavors: r-release-osx-x86_64, r-oldrel-osx-x86_64

Version: 2.0
Check: R code for possible problems
Result: NOTE
    est.s0: no visible global function definition for ‘quantile’
    est.s0: no visible global function definition for ‘mad’
    est.s0: no visible global function definition for ‘var’
    foldchange.seq.twoclass.paired: no visible global function definition
     for ‘rowMedians’
    foldchange.seq.twoclass.unpaired: no visible global function definition
     for ‘rowMedians’
    localfdr: no visible global function definition for ‘median’
    localfdr: no visible global function definition for ‘smooth.spline’
    paired.ttest.func: no visible global function definition for ‘var’
    patterndiscovery.func: no visible global function definition for
     ‘quantile’
    patterndiscovery.func: no visible global function definition for
     ‘median’
    permute.rows: no visible global function definition for ‘runif’
    predictlocalfdr: no visible global function definition for ‘predict’
    resample: no visible global function definition for ‘rpois’
    resample: no visible global function definition for ‘runif’
    samr: no visible global function definition for ‘impute.knn’
    samr: no visible binding for global variable ‘median’
    samr: no visible global function definition for ‘quantile’
    samr.assess.samplesize: no visible global function definition for
     ‘quantile’
    samr.assess.samplesize: no visible global function definition for
     ‘median’
    samr.assess.samplesize.plot: no visible global function definition for
     ‘par’
    samr.assess.samplesize.plot: no visible global function definition for
     ‘plot’
    samr.assess.samplesize.plot: no visible global function definition for
     ‘lines’
    samr.assess.samplesize.plot: no visible global function definition for
     ‘mtext’
    samr.assess.samplesize.plot: no visible global function definition for
     ‘abline’
    samr.assess.samplesize.plot: no visible global function definition for
     ‘title’
    samr.assess.samplesize.plot: no visible global function definition for
     ‘dev.off’
    samr.compute.delta.table.array: no visible binding for global variable
     ‘var’
    samr.compute.delta.table.array: no visible binding for global variable
     ‘median’
    samr.compute.delta.table.array: no visible binding for global variable
     ‘quantile’
    samr.compute.delta.table.seq: no visible binding for global variable
     ‘median’
    samr.compute.delta.table.seq: no visible binding for global variable
     ‘quantile’
    samr.estimate.depth: no visible global function definition for
     ‘quantile’
    samr.missrate: no visible global function definition for ‘quantile’
    samr.plot: no visible global function definition for ‘plot’
    samr.plot: no visible global function definition for ‘points’
    samr.plot: no visible global function definition for ‘abline’
    samr.tail.strength: no visible global function definition for ‘var’
    samr.xl.compute.plot.xy: no visible global function definition for
     ‘points’
    samr.xl.compute.plot.xy: no visible global function definition for
     ‘abline’
    samr.xl.impute.data: no visible global function definition for
     ‘impute.knn’
    samr.xl.impute.data: no visible binding for global variable
     ‘samr.xl.var.knn.neighbors’
    Undefined global functions or variables:
     abline dev.off impute.knn lines mad median mtext par plot points
     predict quantile rowMedians rpois runif samr.xl.var.knn.neighbors
     smooth.spline title var
    Consider adding
     importFrom("grDevices", "dev.off")
     importFrom("graphics", "abline", "lines", "mtext", "par", "plot",
     "points", "title")
     importFrom("stats", "mad", "median", "predict", "quantile", "rpois",
     "runif", "smooth.spline", "var")
    to your NAMESPACE file.
Flavors: r-release-osx-x86_64, r-oldrel-osx-x86_64

Version: 2.0
Check: Rd \usage sections
Result: NOTE
    S3 methods shown with full name in documentation object 'samr-internal':
     ‘plot.SAMoutput’ ‘print.SAMoutput’
    
    The \usage entries for S3 methods should use the \method markup and not
    their full name.
    See chapter ‘Writing R documentation files’ in the ‘Writing R
    Extensions’ manual.
Flavors: r-release-osx-x86_64, r-oldrel-osx-x86_64