CRAN Package Check Results for Package samurais

Last updated on 2022-05-24 08:53:38 CEST.

Flavor Version Tinstall Tcheck Ttotal Status Flags
r-devel-linux-x86_64-debian-clang 0.1.0 87.32 134.34 221.66 OK
r-devel-linux-x86_64-debian-gcc 0.1.0 66.45 101.21 167.66 OK
r-devel-linux-x86_64-fedora-clang 0.1.0 292.69 NOTE
r-devel-linux-x86_64-fedora-gcc 0.1.0 263.05 OK
r-devel-windows-x86_64 0.1.0 154.00 210.00 364.00 NOTE
r-patched-linux-x86_64 0.1.0 72.13 133.82 205.95 OK
r-release-linux-x86_64 0.1.0 OK
r-release-macos-arm64 0.1.0 73.00 NOTE
r-release-macos-x86_64 0.1.0 101.00 NOTE
r-release-windows-x86_64 0.1.0 146.00 207.00 353.00 NOTE
r-oldrel-macos-arm64 0.1.0 74.00 NOTE
r-oldrel-macos-x86_64 0.1.0 155.00 NOTE
r-oldrel-windows-ix86+x86_64 0.1.0 212.00 226.00 438.00 NOTE

Check Details

Version: 0.1.0
Check: installed package size
Result: NOTE
     installed size is 8.9Mb
     sub-directories of 1Mb or more:
     doc 2.3Mb
     help 3.4Mb
     libs 2.7Mb
Flavors: r-devel-linux-x86_64-fedora-clang, r-devel-windows-x86_64, r-release-macos-arm64, r-release-macos-x86_64, r-release-windows-x86_64, r-oldrel-macos-arm64, r-oldrel-macos-x86_64, r-oldrel-windows-ix86+x86_64