CRAN Package Check Results for Package sand

Last updated on 2018-05-26 14:46:52 CEST.

Flavor Version Tinstall Tcheck Ttotal Status Flags
r-devel-linux-x86_64-debian-clang 1.0.3 1.08 23.87 24.95 NOTE
r-devel-linux-x86_64-debian-gcc 1.0.3 1.17 19.37 20.54 NOTE
r-devel-linux-x86_64-fedora-clang 1.0.3 29.79 NOTE
r-devel-linux-x86_64-fedora-gcc 1.0.3 28.83 NOTE
r-devel-windows-ix86+x86_64 1.0.3 3.00 34.00 37.00 OK
r-patched-linux-x86_64 1.0.3 0.85 23.05 23.90 NOTE
r-patched-solaris-x86 1.0.3 50.90 NOTE
r-release-linux-x86_64 1.0.3 0.92 22.86 23.78 NOTE
r-release-windows-ix86+x86_64 1.0.3 5.00 46.00 51.00 OK
r-release-osx-x86_64 1.0.3 NOTE
r-oldrel-windows-ix86+x86_64 1.0.3 5.00 32.00 37.00 OK
r-oldrel-osx-x86_64 1.0.3 NOTE

Check Details

Version: 1.0.3
Check: package dependencies
Result: NOTE
    Package suggested but not available for checking: ‘mixer’
Flavors: r-devel-linux-x86_64-debian-clang, r-devel-linux-x86_64-debian-gcc, r-devel-linux-x86_64-fedora-clang, r-devel-linux-x86_64-fedora-gcc, r-patched-linux-x86_64, r-patched-solaris-x86, r-release-linux-x86_64

Version: 1.0.3
Check: data for non-ASCII characters
Result: NOTE
     Note: found 6 marked UTF-8 strings
Flavors: r-devel-linux-x86_64-fedora-clang, r-devel-linux-x86_64-fedora-gcc, r-patched-solaris-x86, r-release-osx-x86_64, r-oldrel-osx-x86_64

Version: 1.0.3
Check: package dependencies
Result: NOTE
    Packages suggested but not available for checking:
     ‘mixer’ ‘networkTomography’ ‘org.Sc.sgd.db’
Flavor: r-release-osx-x86_64

Version: 1.0.3
Check: package dependencies
Result: NOTE
    Packages suggested but not available for checking:
     ‘GO.db’ ‘GOstats’ ‘networkTomography’ ‘org.Sc.sgd.db’
Flavor: r-oldrel-osx-x86_64