CRAN Package Check Results for Package sand

Last updated on 2019-01-22 05:49:28 CET.

Flavor Version Tinstall Tcheck Ttotal Status Flags
r-devel-linux-x86_64-debian-clang 1.0.3 1.40 24.80 26.20 NOTE
r-devel-linux-x86_64-debian-gcc 1.0.3 1.14 20.04 21.18 NOTE
r-devel-linux-x86_64-fedora-clang 1.0.3 31.23 NOTE
r-devel-linux-x86_64-fedora-gcc 1.0.3 29.21 NOTE
r-devel-windows-ix86+x86_64 1.0.3 4.00 39.00 43.00 OK
r-patched-linux-x86_64 1.0.3 1.45 23.34 24.79 NOTE
r-patched-solaris-x86 1.0.3 54.30 NOTE
r-release-linux-x86_64 1.0.3 1.42 23.03 24.45 NOTE
r-release-windows-ix86+x86_64 1.0.3 5.00 48.00 53.00 OK
r-release-osx-x86_64 1.0.3 NOTE
r-oldrel-windows-ix86+x86_64 1.0.3 5.00 34.00 39.00 OK
r-oldrel-osx-x86_64 1.0.3 NOTE

Check Details

Version: 1.0.3
Check: package dependencies
Result: NOTE
    Package suggested but not available for checking: ‘mixer’
Flavors: r-devel-linux-x86_64-debian-clang, r-devel-linux-x86_64-debian-gcc, r-devel-linux-x86_64-fedora-clang, r-devel-linux-x86_64-fedora-gcc, r-patched-linux-x86_64, r-patched-solaris-x86, r-release-linux-x86_64

Version: 1.0.3
Check: data for non-ASCII characters
Result: NOTE
     Note: found 6 marked UTF-8 strings
Flavors: r-devel-linux-x86_64-fedora-clang, r-devel-linux-x86_64-fedora-gcc, r-patched-solaris-x86, r-release-osx-x86_64, r-oldrel-osx-x86_64

Version: 1.0.3
Check: package dependencies
Result: NOTE
    Packages suggested but not available for checking:
     ‘mixer’ ‘networkTomography’ ‘org.Sc.sgd.db’
Flavor: r-release-osx-x86_64

Version: 1.0.3
Check: package dependencies
Result: NOTE
    Packages suggested but not available for checking:
     ‘GO.db’ ‘GOstats’ ‘networkTomography’ ‘org.Sc.sgd.db’
Flavor: r-oldrel-osx-x86_64