CRAN Package Check Results for Package sand

Last updated on 2018-08-17 13:46:42 CEST.

Flavor Version Tinstall Tcheck Ttotal Status Flags
r-devel-linux-x86_64-debian-clang 1.0.3 1.37 24.95 26.32 NOTE
r-devel-linux-x86_64-debian-gcc 1.0.3 1.28 20.29 21.57 NOTE
r-devel-linux-x86_64-fedora-clang 1.0.3 31.94 NOTE
r-devel-linux-x86_64-fedora-gcc 1.0.3 30.49 NOTE
r-devel-windows-ix86+x86_64 1.0.3 5.00 49.00 54.00 OK
r-patched-linux-x86_64 1.0.3 1.38 23.41 24.79 NOTE
r-patched-solaris-x86 1.0.3 53.40 NOTE
r-release-linux-x86_64 1.0.3 1.47 23.66 25.13 NOTE
r-release-windows-ix86+x86_64 1.0.3 6.00 45.00 51.00 OK
r-release-osx-x86_64 1.0.3 NOTE
r-oldrel-windows-ix86+x86_64 1.0.3 5.00 54.00 59.00 OK
r-oldrel-osx-x86_64 1.0.3 NOTE

Check Details

Version: 1.0.3
Check: package dependencies
Result: NOTE
    Package suggested but not available for checking: ‘mixer’
Flavors: r-devel-linux-x86_64-debian-clang, r-devel-linux-x86_64-debian-gcc, r-devel-linux-x86_64-fedora-clang, r-devel-linux-x86_64-fedora-gcc, r-patched-linux-x86_64, r-patched-solaris-x86, r-release-linux-x86_64

Version: 1.0.3
Check: data for non-ASCII characters
Result: NOTE
     Note: found 6 marked UTF-8 strings
Flavors: r-devel-linux-x86_64-fedora-clang, r-devel-linux-x86_64-fedora-gcc, r-patched-solaris-x86, r-release-osx-x86_64, r-oldrel-osx-x86_64

Version: 1.0.3
Check: package dependencies
Result: NOTE
    Packages suggested but not available for checking:
     ‘mixer’ ‘networkTomography’ ‘org.Sc.sgd.db’
Flavor: r-release-osx-x86_64

Version: 1.0.3
Check: package dependencies
Result: NOTE
    Packages suggested but not available for checking:
     ‘GO.db’ ‘GOstats’ ‘networkTomography’ ‘org.Sc.sgd.db’
Flavor: r-oldrel-osx-x86_64