CRAN Package Check Results for Package sand

Last updated on 2018-02-25 03:55:16 CET.

Flavor Version Tinstall Tcheck Ttotal Status Flags
r-devel-linux-x86_64-debian-clang 1.0.3 1.30 22.92 24.22 NOTE
r-devel-linux-x86_64-debian-gcc 1.0.3 1.02 18.65 19.67 NOTE
r-devel-linux-x86_64-fedora-clang 1.0.3 28.54 NOTE
r-devel-linux-x86_64-fedora-gcc 1.0.3 27.45 NOTE
r-devel-windows-ix86+x86_64 1.0.3 4.00 47.00 51.00 OK
r-patched-linux-x86_64 1.0.3 1.12 21.85 22.97 NOTE
r-patched-solaris-x86 1.0.3 42.80 NOTE
r-release-linux-x86_64 1.0.3 1.14 21.76 22.90 NOTE
r-release-windows-ix86+x86_64 1.0.3 6.00 45.00 51.00 OK
r-release-osx-x86_64 1.0.3 NOTE
r-oldrel-windows-ix86+x86_64 1.0.3 3.00 43.00 46.00 OK
r-oldrel-osx-x86_64 1.0.3 NOTE

Check Details

Version: 1.0.3
Check: package dependencies
Result: NOTE
    Package suggested but not available for checking: ‘mixer’
Flavors: r-devel-linux-x86_64-debian-clang, r-devel-linux-x86_64-debian-gcc, r-patched-linux-x86_64, r-patched-solaris-x86, r-release-linux-x86_64

Version: 1.0.3
Check: package dependencies
Result: NOTE
    Packages suggested but not available for checking:
     ‘GO.db’ ‘GOstats’ ‘mixer’ ‘org.Sc.sgd.db’
Flavors: r-devel-linux-x86_64-fedora-clang, r-devel-linux-x86_64-fedora-gcc

Version: 1.0.3
Check: data for non-ASCII characters
Result: NOTE
     Note: found 6 marked UTF-8 strings
Flavors: r-devel-linux-x86_64-fedora-clang, r-devel-linux-x86_64-fedora-gcc, r-patched-solaris-x86, r-release-osx-x86_64, r-oldrel-osx-x86_64

Version: 1.0.3
Check: package dependencies
Result: NOTE
    Packages suggested but not available for checking:
     ‘GO.db’ ‘GOstats’ ‘networkTomography’ ‘org.Sc.sgd.db’
Flavor: r-release-osx-x86_64

Version: 1.0.3
Check: package dependencies
Result: NOTE
    Package suggested but not available for checking: ‘org.Sc.sgd.db’
Flavor: r-oldrel-osx-x86_64