CRAN Package Check Results for Package sand

Last updated on 2018-10-16 09:49:17 CEST.

Flavor Version Tinstall Tcheck Ttotal Status Flags
r-devel-linux-x86_64-debian-clang 1.0.3 1.38 24.82 26.20 NOTE
r-devel-linux-x86_64-debian-gcc 1.0.3 1.16 20.73 21.89 NOTE
r-devel-linux-x86_64-fedora-clang 1.0.3 31.19 NOTE
r-devel-linux-x86_64-fedora-gcc 1.0.3 29.90 NOTE
r-devel-windows-ix86+x86_64 1.0.3 4.00 40.00 44.00 OK
r-patched-linux-x86_64 1.0.3 1.43 23.01 24.44 NOTE
r-patched-solaris-x86 1.0.3 52.00 NOTE
r-release-linux-x86_64 1.0.3 1.31 23.07 24.38 NOTE
r-release-windows-ix86+x86_64 1.0.3 5.00 55.00 60.00 OK
r-release-osx-x86_64 1.0.3 NOTE
r-oldrel-windows-ix86+x86_64 1.0.3 5.00 35.00 40.00 OK
r-oldrel-osx-x86_64 1.0.3 NOTE

Check Details

Version: 1.0.3
Check: package dependencies
Result: NOTE
    Package suggested but not available for checking: ‘mixer’
Flavors: r-devel-linux-x86_64-debian-clang, r-devel-linux-x86_64-debian-gcc, r-devel-linux-x86_64-fedora-clang, r-devel-linux-x86_64-fedora-gcc, r-patched-linux-x86_64, r-patched-solaris-x86, r-release-linux-x86_64

Version: 1.0.3
Check: data for non-ASCII characters
Result: NOTE
     Note: found 6 marked UTF-8 strings
Flavors: r-devel-linux-x86_64-fedora-clang, r-devel-linux-x86_64-fedora-gcc, r-patched-solaris-x86, r-release-osx-x86_64, r-oldrel-osx-x86_64

Version: 1.0.3
Check: package dependencies
Result: NOTE
    Packages suggested but not available for checking:
     ‘mixer’ ‘networkTomography’ ‘org.Sc.sgd.db’
Flavor: r-release-osx-x86_64

Version: 1.0.3
Check: package dependencies
Result: NOTE
    Packages suggested but not available for checking:
     ‘GO.db’ ‘GOstats’ ‘networkTomography’ ‘org.Sc.sgd.db’
Flavor: r-oldrel-osx-x86_64