Last updated on 2022-06-25 17:51:40 CEST.
Flavor | Version | Tinstall | Tcheck | Ttotal | Status | Flags |
---|---|---|---|---|---|---|
r-devel-linux-x86_64-debian-clang | 1.2.3 | 7.56 | 201.70 | 209.26 | OK | |
r-devel-linux-x86_64-debian-gcc | 1.2.3 | 4.93 | 145.64 | 150.57 | OK | |
r-devel-linux-x86_64-fedora-clang | 1.2.3 | 243.10 | NOTE | |||
r-devel-linux-x86_64-fedora-gcc | 1.2.3 | 245.25 | NOTE | |||
r-devel-windows-x86_64 | 1.2.3 | 49.00 | 232.00 | 281.00 | OK | |
r-patched-linux-x86_64 | 1.2.3 | 6.72 | 191.07 | 197.79 | OK | |
r-release-linux-x86_64 | 1.2.3 | 5.79 | 191.48 | 197.27 | OK | |
r-release-macos-arm64 | 1.2.3 | 94.00 | NOTE | |||
r-release-macos-x86_64 | 1.2.3 | 108.00 | NOTE | |||
r-release-windows-x86_64 | 1.2.3 | 52.00 | 229.00 | 281.00 | OK | |
r-oldrel-macos-arm64 | 1.2.3 | 90.00 | NOTE | |||
r-oldrel-macos-x86_64 | 1.2.3 | 114.00 | NOTE | |||
r-oldrel-windows-ix86+x86_64 | 1.2.3 | 19.00 | 231.00 | 250.00 | OK |
Version: 1.2.3
Check: dependencies in R code
Result: NOTE
Namespaces in Imports field not imported from:
‘DT’ ‘gridExtra’
All declared Imports should be used.
Flavors: r-devel-linux-x86_64-fedora-clang, r-devel-linux-x86_64-fedora-gcc, r-release-macos-arm64, r-release-macos-x86_64, r-oldrel-macos-arm64, r-oldrel-macos-x86_64