CRAN Package Check Results for Package saqgetr

Last updated on 2022-08-13 07:11:45 CEST.

Flavor Version Tinstall Tcheck Ttotal Status Flags
r-devel-linux-x86_64-debian-clang 0.2.21 5.85 51.93 57.78 NOTE
r-devel-linux-x86_64-debian-gcc 0.2.21 3.94 38.88 42.82 NOTE
r-devel-linux-x86_64-fedora-clang 0.2.21 79.56 NOTE
r-devel-linux-x86_64-fedora-gcc 0.2.21 75.49 NOTE
r-devel-windows-x86_64 0.2.21 16.00 85.00 101.00 NOTE
r-patched-linux-x86_64 0.2.21 3.36 49.05 52.41 NOTE
r-release-linux-x86_64 0.2.21 3.43 49.12 52.55 NOTE
r-release-macos-arm64 0.2.21 63.00 NOTE
r-release-macos-x86_64 0.2.21 47.00 NOTE
r-release-windows-x86_64 0.2.21 18.00 78.00 96.00 NOTE
r-oldrel-macos-arm64 0.2.21 33.00 NOTE
r-oldrel-macos-x86_64 0.2.21 43.00 NOTE
r-oldrel-windows-ix86+x86_64 0.2.21 19.00 65.00 84.00 NOTE

Check Details

Version: 0.2.21
Check: LazyData
Result: NOTE
     'LazyData' is specified without a 'data' directory
Flavors: r-devel-linux-x86_64-debian-clang, r-devel-linux-x86_64-debian-gcc, r-devel-linux-x86_64-fedora-clang, r-devel-linux-x86_64-fedora-gcc, r-devel-windows-x86_64, r-patched-linux-x86_64, r-release-linux-x86_64, r-release-macos-arm64, r-release-macos-x86_64, r-release-windows-x86_64, r-oldrel-macos-arm64, r-oldrel-macos-x86_64, r-oldrel-windows-ix86+x86_64