CRAN Package Check Results for Package sasMap

Last updated on 2018-02-22 18:47:30 CET.

Flavor Version Tinstall Tcheck Ttotal Status Flags
r-devel-linux-x86_64-debian-clang 1.0.0 1.68 23.54 25.22 OK
r-devel-linux-x86_64-debian-gcc 1.0.0 1.37 20.68 22.05 OK
r-devel-linux-x86_64-fedora-clang 1.0.0 32.03 NOTE
r-devel-linux-x86_64-fedora-gcc 1.0.0 31.06 NOTE
r-devel-windows-ix86+x86_64 1.0.0 5.00 39.00 44.00 OK
r-patched-linux-x86_64 1.0.0 1.27 24.79 26.06 OK
r-patched-solaris-x86 1.0.0 48.50 NOTE
r-release-linux-x86_64 1.0.0 1.23 24.77 26.00 OK
r-release-windows-ix86+x86_64 1.0.0 7.00 38.00 45.00 OK
r-release-osx-x86_64 1.0.0 NOTE
r-oldrel-windows-ix86+x86_64 1.0.0 5.00 34.00 39.00 OK
r-oldrel-osx-x86_64 1.0.0 NOTE

Check Details

Version: 1.0.0
Check: dependencies in R code
Result: NOTE
    Namespace in Imports field not imported from: ‘stringi’
     All declared Imports should be used.
Flavors: r-devel-linux-x86_64-fedora-clang, r-devel-linux-x86_64-fedora-gcc, r-patched-solaris-x86, r-release-osx-x86_64, r-oldrel-osx-x86_64