CRAN Package Check Results for Package sasMap

Last updated on 2018-11-20 13:46:40 CET.

Flavor Version Tinstall Tcheck Ttotal Status Flags
r-devel-linux-x86_64-debian-clang 1.0.0 1.48 28.12 29.60 OK
r-devel-linux-x86_64-debian-gcc 1.0.0 1.65 22.43 24.08 OK
r-devel-linux-x86_64-fedora-clang 1.0.0 34.15 NOTE
r-devel-linux-x86_64-fedora-gcc 1.0.0 32.46 NOTE
r-devel-windows-ix86+x86_64 1.0.0 6.00 38.00 44.00 OK
r-patched-linux-x86_64 1.0.0 1.56 26.44 28.00 OK
r-patched-solaris-x86 1.0.0 56.10 NOTE
r-release-linux-x86_64 1.0.0 1.63 26.50 28.13 OK
r-release-windows-ix86+x86_64 1.0.0 4.00 64.00 68.00 OK
r-release-osx-x86_64 1.0.0 NOTE
r-oldrel-windows-ix86+x86_64 1.0.0 4.00 55.00 59.00 OK
r-oldrel-osx-x86_64 1.0.0 NOTE

Check Details

Version: 1.0.0
Check: dependencies in R code
Result: NOTE
    Namespace in Imports field not imported from: ‘stringi’
     All declared Imports should be used.
Flavors: r-devel-linux-x86_64-fedora-clang, r-devel-linux-x86_64-fedora-gcc, r-patched-solaris-x86, r-release-osx-x86_64, r-oldrel-osx-x86_64