CRAN Package Check Results for Package sasMap

Last updated on 2018-05-22 07:50:33 CEST.

Flavor Version Tinstall Tcheck Ttotal Status Flags
r-devel-linux-x86_64-debian-clang 1.0.0 1.45 24.17 25.62 OK
r-devel-linux-x86_64-debian-gcc 1.0.0 1.25 22.03 23.28 OK
r-devel-linux-x86_64-fedora-clang 1.0.0 35.21 NOTE
r-devel-linux-x86_64-fedora-gcc 1.0.0 33.80 NOTE
r-devel-windows-ix86+x86_64 1.0.0 5.00 54.00 59.00 OK
r-patched-linux-x86_64 1.0.0 1.84 25.30 27.14 OK
r-patched-solaris-x86 1.0.0 55.40 NOTE
r-release-linux-x86_64 1.0.0 1.81 25.16 26.97 OK
r-release-windows-ix86+x86_64 1.0.0 8.00 52.00 60.00 OK
r-release-osx-x86_64 1.0.0 NOTE
r-oldrel-windows-ix86+x86_64 1.0.0 9.00 40.00 49.00 OK
r-oldrel-osx-x86_64 1.0.0 NOTE

Check Details

Version: 1.0.0
Check: dependencies in R code
Result: NOTE
    Namespace in Imports field not imported from: ‘stringi’
     All declared Imports should be used.
Flavors: r-devel-linux-x86_64-fedora-clang, r-devel-linux-x86_64-fedora-gcc, r-patched-solaris-x86, r-release-osx-x86_64, r-oldrel-osx-x86_64