CRAN Package Check Results for Package sasMap

Last updated on 2018-08-22 04:49:22 CEST.

Flavor Version Tinstall Tcheck Ttotal Status Flags
r-devel-linux-x86_64-debian-clang 1.0.0 1.92 29.35 31.27 OK
r-devel-linux-x86_64-debian-gcc 1.0.0 1.55 23.33 24.88 OK
r-devel-linux-x86_64-fedora-clang 1.0.0 36.22 NOTE
r-devel-linux-x86_64-fedora-gcc 1.0.0 35.36 NOTE
r-devel-windows-ix86+x86_64 1.0.0 4.00 36.00 40.00 OK
r-patched-linux-x86_64 1.0.0 1.82 25.66 27.48 OK
r-patched-solaris-x86 1.0.0 55.90 NOTE
r-release-linux-x86_64 1.0.0 1.53 25.62 27.15 OK
r-release-windows-ix86+x86_64 1.0.0 5.00 38.00 43.00 OK
r-release-osx-x86_64 1.0.0 NOTE
r-oldrel-windows-ix86+x86_64 1.0.0 6.00 51.00 57.00 OK
r-oldrel-osx-x86_64 1.0.0 NOTE

Check Details

Version: 1.0.0
Check: dependencies in R code
Result: NOTE
    Namespace in Imports field not imported from: ‘stringi’
     All declared Imports should be used.
Flavors: r-devel-linux-x86_64-fedora-clang, r-devel-linux-x86_64-fedora-gcc, r-patched-solaris-x86, r-release-osx-x86_64, r-oldrel-osx-x86_64