CRAN Package Check Results for Package sasMap

Last updated on 2019-02-20 11:51:47 CET.

Flavor Version Tinstall Tcheck Ttotal Status Flags
r-devel-linux-x86_64-debian-clang 1.0.0 2.22 28.86 31.08 OK
r-devel-linux-x86_64-debian-gcc 1.0.0 1.73 22.61 24.34 OK
r-devel-linux-x86_64-fedora-clang 1.0.0 38.43 NOTE
r-devel-linux-x86_64-fedora-gcc 1.0.0 34.40 NOTE
r-devel-windows-ix86+x86_64 1.0.0 9.00 54.00 63.00 OK
r-patched-linux-x86_64 1.0.0 OK
r-patched-solaris-x86 1.0.0 59.30 NOTE
r-release-linux-x86_64 1.0.0 1.56 26.58 28.14 OK
r-release-windows-ix86+x86_64 1.0.0 4.00 52.00 56.00 OK
r-release-osx-x86_64 1.0.0 NOTE
r-oldrel-windows-ix86+x86_64 1.0.0 5.00 43.00 48.00 OK
r-oldrel-osx-x86_64 1.0.0 NOTE

Check Details

Version: 1.0.0
Check: dependencies in R code
Result: NOTE
    Namespace in Imports field not imported from: ‘stringi’
     All declared Imports should be used.
Flavors: r-devel-linux-x86_64-fedora-clang, r-devel-linux-x86_64-fedora-gcc, r-patched-solaris-x86, r-release-osx-x86_64, r-oldrel-osx-x86_64