CRAN Package Check Results for Package sass

Last updated on 2021-05-18 17:48:25 CEST.

Flavor Version Tinstall Tcheck Ttotal Status Flags
r-devel-linux-x86_64-debian-clang 0.4.0 239.60 47.15 286.75 NOTE
r-devel-linux-x86_64-debian-gcc 0.4.0 148.51 35.04 183.55 NOTE
r-devel-linux-x86_64-fedora-clang 0.4.0 485.43 NOTE
r-devel-linux-x86_64-fedora-gcc 0.4.0 338.95 NOTE
r-devel-windows-ix86+x86_64 0.4.0 603.00 122.00 725.00 NOTE
r-devel-windows-x86_64-gcc10-UCRT NOTE
r-patched-linux-x86_64 0.4.0 177.22 45.35 222.57 NOTE
r-patched-solaris-x86 0.4.0 362.40 NOTE
r-release-linux-x86_64 0.4.0 177.90 45.18 223.08 NOTE
r-release-macos-x86_64 0.4.0 NOTE
r-release-windows-ix86+x86_64 0.4.0 526.00 105.00 631.00 NOTE
r-oldrel-macos-x86_64 0.4.0 NOTE
r-oldrel-windows-ix86+x86_64 0.4.0 558.00 109.00 667.00 NOTE

Check Details

Version: 0.4.0
Check: for GNU extensions in Makefiles
Result: NOTE
    GNU make is a SystemRequirements.
Flavors: r-devel-linux-x86_64-debian-clang, r-devel-linux-x86_64-debian-gcc, r-devel-linux-x86_64-fedora-clang, r-devel-linux-x86_64-fedora-gcc, r-devel-windows-ix86+x86_64, r-devel-windows-x86_64-gcc10-UCRT, r-patched-linux-x86_64, r-patched-solaris-x86, r-release-linux-x86_64, r-release-macos-x86_64, r-release-windows-ix86+x86_64, r-oldrel-macos-x86_64, r-oldrel-windows-ix86+x86_64

Version: 0.4.0
Check: installed package size
Result: NOTE
     installed size is 5.4Mb
     sub-directories of 1Mb or more:
     doc 1.7Mb
     libs 3.2Mb
Flavors: r-devel-linux-x86_64-fedora-clang, r-devel-windows-ix86+x86_64, r-patched-solaris-x86, r-release-macos-x86_64, r-release-windows-ix86+x86_64, r-oldrel-windows-ix86+x86_64