CRAN Package Check Results for Package savonliquide

Last updated on 2021-04-14 18:51:16 CEST.

Flavor Version Tinstall Tcheck Ttotal Status Flags
r-devel-linux-x86_64-debian-clang 0.2.0 1.84 22.54 24.38 NOTE
r-devel-linux-x86_64-debian-gcc 0.2.0 1.62 17.98 19.60 NOTE
r-devel-linux-x86_64-fedora-clang 0.2.0 40.58 NOTE
r-devel-linux-x86_64-fedora-gcc 0.2.0 29.40 NOTE
r-devel-windows-ix86+x86_64 0.2.0 5.00 34.00 39.00 NOTE
r-devel-windows-x86_64-gcc10-UCRT 0.2.0 NOTE
r-patched-linux-x86_64 0.2.0 2.02 22.40 24.42 OK
r-patched-solaris-x86 0.2.0 49.00 NOTE
r-release-linux-x86_64 0.2.0 1.70 22.13 23.83 OK
r-release-macos-x86_64 0.2.0 NOTE
r-release-windows-ix86+x86_64 0.2.0 14.00 40.00 54.00 OK
r-oldrel-macos-x86_64 0.2.0 NOTE
r-oldrel-windows-ix86+x86_64 0.2.0 5.00 27.00 32.00 OK

Check Details

Version: 0.2.0
Check: LazyData
Result: NOTE
     'LazyData' is specified without a 'data' directory
Flavors: r-devel-linux-x86_64-debian-clang, r-devel-linux-x86_64-debian-gcc, r-devel-linux-x86_64-fedora-clang, r-devel-linux-x86_64-fedora-gcc, r-devel-windows-ix86+x86_64, r-devel-windows-x86_64-gcc10-UCRT

Version: 0.2.0
Check: dependencies in R code
Result: NOTE
    Namespace in Imports field not imported from: ‘crayon’
     All declared Imports should be used.
Flavors: r-devel-linux-x86_64-fedora-clang, r-devel-linux-x86_64-fedora-gcc, r-devel-windows-x86_64-gcc10-UCRT, r-patched-solaris-x86, r-release-macos-x86_64, r-oldrel-macos-x86_64