Last updated on 2022-05-21 13:52:18 CEST.
Flavor | Version | Tinstall | Tcheck | Ttotal | Status | Flags |
---|---|---|---|---|---|---|
r-devel-linux-x86_64-debian-clang | 1.0.3 | 53.67 | 105.93 | 159.60 | OK | |
r-devel-linux-x86_64-debian-gcc | 1.0.3 | 41.46 | 81.52 | 122.98 | OK | |
r-devel-linux-x86_64-fedora-clang | 1.0.3 | 197.88 | OK | |||
r-devel-linux-x86_64-fedora-gcc | 1.0.3 | 194.58 | OK | |||
r-devel-windows-x86_64 | 1.0.3 | 45.00 | 137.00 | 182.00 | OK | |
r-patched-linux-x86_64 | 1.0.3 | 43.40 | 104.12 | 147.52 | OK | |
r-release-linux-x86_64 | 1.0.3 | 32.71 | 103.60 | 136.31 | OK | |
r-release-macos-arm64 | 1.0.3 | 48.00 | OK | |||
r-release-macos-x86_64 | 1.0.3 | 101.00 | OK | |||
r-release-windows-x86_64 | 1.0.3 | 45.00 | 139.00 | 184.00 | OK | |
r-oldrel-macos-arm64 | 1.0.3 | 54.00 | NOTE | |||
r-oldrel-macos-x86_64 | 1.0.3 | 69.00 | OK | |||
r-oldrel-windows-ix86+x86_64 | 1.0.3 | 112.00 | 179.00 | 291.00 | OK |
Version: 1.0.3
Check: installed package size
Result: NOTE
installed size is 5.8Mb
sub-directories of 1Mb or more:
data 2.0Mb
libs 3.6Mb
Flavor: r-oldrel-macos-arm64