CRAN Package Check Results for Package sbfc

Last updated on 2024-03-04 05:55:05 CET.

Flavor Version Tinstall Tcheck Ttotal Status Flags
r-devel-linux-x86_64-debian-clang 1.0.3 58.65 91.42 150.07 OK
r-devel-linux-x86_64-debian-gcc 1.0.3 39.68 74.48 114.16 OK
r-devel-linux-x86_64-fedora-clang 1.0.3 196.14 OK
r-devel-linux-x86_64-fedora-gcc 1.0.3 195.58 OK
r-devel-windows-x86_64 1.0.3 40.00 118.00 158.00 OK
r-patched-linux-x86_64 1.0.3 33.91 96.94 130.85 OK
r-release-linux-x86_64 1.0.3 37.79 95.28 133.07 OK
r-release-macos-arm64 1.0.3 57.00 NOTE
r-release-macos-x86_64 1.0.3 88.00 NOTE
r-release-windows-x86_64 1.0.3 56.00 133.00 189.00 OK
r-oldrel-macos-arm64 1.0.3 48.00 OK
r-oldrel-windows-x86_64 1.0.3 50.00 127.00 177.00 OK

Check Details

Version: 1.0.3
Check: installed package size
Result: NOTE installed size is 5.3Mb sub-directories of 1Mb or more: data 2.0Mb libs 3.1Mb Flavors: r-release-macos-arm64, r-release-macos-x86_64