CRAN Package Check Results for Package sbmSDP

Last updated on 2024-02-21 18:51:16 CET.

Flavor Version Tinstall Tcheck Ttotal Status Flags
r-devel-linux-x86_64-debian-clang 0.2 OK
r-devel-linux-x86_64-debian-gcc 0.2 29.13 25.69 54.82 OK
r-devel-linux-x86_64-fedora-clang 0.2 94.19 NOTE
r-devel-linux-x86_64-fedora-gcc 0.2 95.35 NOTE
r-devel-windows-x86_64 0.2 27.00 68.00 95.00 OK
r-patched-linux-x86_64 0.2 34.55 32.56 67.11 OK
r-release-linux-x86_64 0.2 33.88 32.89 66.77 OK
r-release-macos-arm64 0.2 29.00 OK
r-release-macos-x86_64 0.2 43.00 OK
r-release-windows-x86_64 0.2 36.00 71.00 107.00 OK
r-oldrel-macos-arm64 0.2 31.00 OK
r-oldrel-windows-x86_64 0.2 34.00 77.00 111.00 OK

Check Details

Version: 0.2
Check: compiled code
Result: NOTE File ‘sbmSDP/libs/sbmSDP.so’: Found no calls to: ‘R_registerRoutines’, ‘R_useDynamicSymbols’ It is good practice to register native routines and to disable symbol search. See ‘Writing portable packages’ in the ‘Writing R Extensions’ manual. Flavors: r-devel-linux-x86_64-fedora-clang, r-devel-linux-x86_64-fedora-gcc