CRAN Package Check Results for Package sbmSDP

Last updated on 2019-08-18 08:48:14 CEST.

Flavor Version Tinstall Tcheck Ttotal Status Flags
r-devel-linux-x86_64-debian-clang 0.2 24.24 30.46 54.70 OK
r-devel-linux-x86_64-debian-gcc 0.2 20.36 23.66 44.02 OK
r-devel-linux-x86_64-fedora-clang 0.2 80.24 NOTE
r-devel-linux-x86_64-fedora-gcc 0.2 77.03 NOTE
r-devel-windows-ix86+x86_64 0.2 73.00 74.00 147.00 OK
r-patched-linux-x86_64 0.2 23.20 30.13 53.33 OK
r-patched-solaris-x86 0.2 89.00 OK
r-release-linux-x86_64 0.2 22.31 29.94 52.25 OK
r-release-windows-ix86+x86_64 0.2 48.00 62.00 110.00 OK
r-release-osx-x86_64 0.2 OK
r-oldrel-windows-ix86+x86_64 0.2 63.00 83.00 146.00 OK
r-oldrel-osx-x86_64 0.2 OK

Check Details

Version: 0.2
Check: compiled code
Result: NOTE
    File ‘sbmSDP/libs/sbmSDP.so’:
     Found no calls to: ‘R_registerRoutines’, ‘R_useDynamicSymbols’
    
    It is good practice to register native routines and to disable symbol
    search.
    
    See ‘Writing portable packages’ in the ‘Writing R Extensions’ manual.
Flavors: r-devel-linux-x86_64-fedora-clang, r-devel-linux-x86_64-fedora-gcc