CRAN Package Check Results for Package sbmSDP

Last updated on 2019-02-21 21:48:53 CET.

Flavor Version Tinstall Tcheck Ttotal Status Flags
r-devel-linux-x86_64-debian-clang 0.2 24.07 29.41 53.48 OK
r-devel-linux-x86_64-debian-gcc 0.2 18.47 23.34 41.81 OK
r-devel-linux-x86_64-fedora-clang 0.2 77.20 NOTE
r-devel-linux-x86_64-fedora-gcc 0.2 72.74 NOTE
r-devel-windows-ix86+x86_64 0.2 61.00 83.00 144.00 OK
r-patched-linux-x86_64 0.2 25.37 28.02 53.39 OK
r-patched-solaris-x86 0.2 77.30 OK
r-release-linux-x86_64 0.2 OK
r-release-windows-ix86+x86_64 0.2 42.00 93.00 135.00 OK
r-release-osx-x86_64 0.2 OK
r-oldrel-windows-ix86+x86_64 0.2 53.00 78.00 131.00 OK
r-oldrel-osx-x86_64 0.2 OK

Check Details

Version: 0.2
Check: compiled code
Result: NOTE
    File ‘sbmSDP/libs/sbmSDP.so’:
     Found no calls to: ‘R_registerRoutines’, ‘R_useDynamicSymbols’
    
    It is good practice to register native routines and to disable symbol
    search.
    
    See ‘Writing portable packages’ in the ‘Writing R Extensions’ manual.
Flavors: r-devel-linux-x86_64-fedora-clang, r-devel-linux-x86_64-fedora-gcc