Last updated on 2022-05-21 03:55:13 CEST.
Flavor | Version | Tinstall | Tcheck | Ttotal | Status | Flags |
---|---|---|---|---|---|---|
r-devel-linux-x86_64-debian-clang | 0.1.1 | 36.39 | 69.76 | 106.15 | NOTE | |
r-devel-linux-x86_64-debian-gcc | 0.1.1 | 31.44 | 53.59 | 85.03 | NOTE | |
r-devel-linux-x86_64-fedora-clang | 0.1.1 | 144.67 | NOTE | |||
r-devel-linux-x86_64-fedora-gcc | 0.1.1 | 132.32 | NOTE | |||
r-devel-windows-x86_64 | 0.1.1 | 38.00 | 104.00 | 142.00 | NOTE | |
r-patched-linux-x86_64 | 0.1.1 | 31.98 | 67.66 | 99.64 | OK | |
r-release-linux-x86_64 | 0.1.1 | 29.24 | 66.10 | 95.34 | OK | |
r-release-macos-arm64 | 0.1.1 | 42.00 | OK | |||
r-release-macos-x86_64 | 0.1.1 | 70.00 | OK | |||
r-release-windows-x86_64 | 0.1.1 | 40.00 | 107.00 | 147.00 | OK | |
r-oldrel-macos-arm64 | 0.1.1 | 48.00 | OK | |||
r-oldrel-macos-x86_64 | 0.1.1 | 62.00 | OK | |||
r-oldrel-windows-ix86+x86_64 | 0.1.1 | 94.00 | 134.00 | 228.00 | OK |
Version: 0.1.1
Check: Rd files
Result: NOTE
checkRd: (7) assess.Rd:23: \item in \describe must have non-empty label
checkRd: (7) assess.Rd:24: \item in \describe must have non-empty label
checkRd: (7) assess.Rd:25: \item in \describe must have non-empty label
checkRd: (7) assess.Rd:26: \item in \describe must have non-empty label
checkRd: (7) assess.Rd:27: \item in \describe must have non-empty label
checkRd: (7) assess.Rd:28: \item in \describe must have non-empty label
checkRd: (7) assess.Rd:29: \item in \describe must have non-empty label
checkRd: (7) assess.Rd:30: \item in \describe must have non-empty label
checkRd: (7) assess.Rd:31: \item in \describe must have non-empty label
checkRd: (7) assess.Rd:32: \item in \describe must have non-empty label
checkRd: (7) assess.Rd:33: \item in \describe must have non-empty label
checkRd: (7) sboost.Rd:26: \item in \describe must have non-empty label
checkRd: (7) sboost.Rd:27: \item in \describe must have non-empty label
checkRd: (7) sboost.Rd:28-33: \item in \describe must have non-empty label
checkRd: (7) sboost.Rd:34-35: \item in \describe must have non-empty label
checkRd: (7) sboost.Rd:36-38: \item in \describe must have non-empty label
checkRd: (7) sboost.Rd:41: \item in \describe must have non-empty label
checkRd: (7) sboost.Rd:42: \item in \describe must have non-empty label
checkRd: (7) sboost.Rd:43: \item in \describe must have non-empty label
Flavors: r-devel-linux-x86_64-debian-clang, r-devel-linux-x86_64-debian-gcc, r-devel-linux-x86_64-fedora-clang, r-devel-linux-x86_64-fedora-gcc, r-devel-windows-x86_64