CRAN Package Check Results for Package sbtools

Last updated on 2018-11-15 06:47:38 CET.

Flavor Version Tinstall Tcheck Ttotal Status Flags
r-devel-linux-x86_64-debian-clang 1.1.6 2.77 32.24 35.01 OK
r-devel-linux-x86_64-debian-gcc 1.1.6 2.38 26.88 29.26 OK
r-devel-linux-x86_64-fedora-clang 1.1.6 41.04 OK
r-devel-linux-x86_64-fedora-gcc 1.1.6 39.65 OK
r-devel-windows-ix86+x86_64 1.1.6 4.00 111.00 115.00 OK
r-patched-linux-x86_64 1.1.6 2.70 30.09 32.79 OK
r-patched-solaris-x86 1.1.6 61.60 OK
r-release-linux-x86_64 1.1.6 2.99 30.53 33.52 OK
r-release-windows-ix86+x86_64 1.1.6 8.00 90.00 98.00 OK
r-release-osx-x86_64 1.1.6 OK
r-oldrel-windows-ix86+x86_64 1.1.6 9.00 106.00 115.00 OK
r-oldrel-osx-x86_64 1.1.6 NOTE

Check Details

Version: 1.1.6
Check: package dependencies
Result: NOTE
    Package suggested but not available for checking: ‘rgdal’
Flavor: r-oldrel-osx-x86_64