CRAN Package Check Results for Package sbtools

Last updated on 2019-02-15 20:47:06 CET.

Flavor Version Tinstall Tcheck Ttotal Status Flags
r-devel-linux-x86_64-debian-clang 1.1.6 3.05 32.52 35.57 OK
r-devel-linux-x86_64-debian-gcc 1.1.6 2.42 26.62 29.04 OK
r-devel-linux-x86_64-fedora-clang 1.1.6 44.46 OK
r-devel-linux-x86_64-fedora-gcc 1.1.6 39.31 OK
r-devel-windows-ix86+x86_64 1.1.6 8.00 81.00 89.00 OK
r-patched-linux-x86_64 1.1.6 2.91 30.55 33.46 OK
r-patched-solaris-x86 1.1.6 60.30 OK
r-release-linux-x86_64 1.1.6 2.70 29.98 32.68 OK
r-release-windows-ix86+x86_64 1.1.6 6.00 76.00 82.00 OK
r-release-osx-x86_64 1.1.6 OK
r-oldrel-windows-ix86+x86_64 1.1.6 5.00 117.00 122.00 ERROR
r-oldrel-osx-x86_64 1.1.6 NOTE

Check Details

Version: 1.1.6
Check: examples
Result: ERROR
    Running examples in 'sbtools-Ex.R' failed
    The error most likely occurred in:
    
    > ### Name: identifier_exists
    > ### Title: Check if identifier exists
    > ### Aliases: identifier_exists
    >
    > ### ** Examples
    >
    >
    > # identifier exists
    > identifier_exists(sb_id = "4f4e4b24e4b07f02db6aea14")
    Error in curl::curl_fetch_memory(url, handle = handle) :
     Failed to connect to www.sciencebase.gov port 443: Timed out
    Calls: identifier_exists ... request_fetch -> request_fetch.write_memory -> <Anonymous> -> .Call
    Execution halted
Flavor: r-oldrel-windows-ix86+x86_64

Version: 1.1.6
Check: package dependencies
Result: NOTE
    Package suggested but not available for checking: ‘rgdal’
Flavor: r-oldrel-osx-x86_64