CRAN Package Check Results for Package sbtools

Last updated on 2018-02-23 16:48:53 CET.

Flavor Version Tinstall Tcheck Ttotal Status Flags
r-devel-linux-x86_64-debian-clang 1.1.6 2.00 29.94 31.94 OK
r-devel-linux-x86_64-debian-gcc 1.1.6 2.15 24.06 26.21 OK
r-devel-linux-x86_64-fedora-clang 1.1.6 38.88 OK
r-devel-linux-x86_64-fedora-gcc 1.1.6 37.52 OK
r-devel-windows-ix86+x86_64 1.1.6 9.00 74.00 83.00 OK
r-patched-linux-x86_64 1.1.6 1.66 30.50 32.16 OK
r-patched-solaris-x86 1.1.6 54.20 OK
r-release-linux-x86_64 1.1.6 1.68 30.69 32.37 OK
r-release-windows-ix86+x86_64 1.1.6 5.00 71.00 76.00 OK
r-release-osx-x86_64 1.1.6 NOTE
r-oldrel-windows-ix86+x86_64 1.1.6 4.00 55.00 59.00 OK
r-oldrel-osx-x86_64 1.1.6 OK

Check Details

Version: 1.1.6
Check: package dependencies
Result: NOTE
    Package suggested but not available for checking: ‘rgdal’
Flavor: r-release-osx-x86_64