CRAN Package Check Results for Package sbtools

Last updated on 2018-05-21 05:51:52 CEST.

Flavor Version Tinstall Tcheck Ttotal Status Flags
r-devel-linux-x86_64-debian-clang 1.1.6 2.95 28.75 31.70 OK
r-devel-linux-x86_64-debian-gcc 1.1.6 1.73 24.88 26.61 OK
r-devel-linux-x86_64-fedora-clang 1.1.6 40.86 OK
r-devel-linux-x86_64-fedora-gcc 1.1.6 38.18 OK
r-devel-windows-ix86+x86_64 1.1.6 7.00 72.00 79.00 OK
r-patched-linux-x86_64 1.1.6 3.00 30.22 33.22 OK
r-patched-solaris-x86 1.1.6 62.90 OK
r-release-linux-x86_64 1.1.6 2.42 29.56 31.98 OK
r-release-windows-ix86+x86_64 1.1.6 10.00 74.00 84.00 OK
r-release-osx-x86_64 1.1.6 OK
r-oldrel-windows-ix86+x86_64 1.1.6 4.00 62.00 66.00 OK
r-oldrel-osx-x86_64 1.1.6 NOTE

Check Details

Version: 1.1.6
Check: package dependencies
Result: NOTE
    Package suggested but not available for checking: ‘rgdal’
Flavor: r-oldrel-osx-x86_64