CRAN Package Check Results for Package sbtools

Last updated on 2018-08-21 08:49:11 CEST.

Flavor Version Tinstall Tcheck Ttotal Status Flags
r-devel-linux-x86_64-debian-clang 1.1.6 2.09 32.75 34.84 OK
r-devel-linux-x86_64-debian-gcc 1.1.6 2.62 26.51 29.13 OK
r-devel-linux-x86_64-fedora-clang 1.1.6 40.57 OK
r-devel-linux-x86_64-fedora-gcc 1.1.6 40.78 OK
r-devel-windows-ix86+x86_64 1.1.6 7.00 72.00 79.00 OK
r-patched-linux-x86_64 1.1.6 2.79 29.96 32.75 OK
r-patched-solaris-x86 1.1.6 63.60 OK
r-release-linux-x86_64 1.1.6 2.75 29.78 32.53 OK
r-release-windows-ix86+x86_64 1.1.6 8.00 115.00 123.00 OK
r-release-osx-x86_64 1.1.6 OK
r-oldrel-windows-ix86+x86_64 1.1.6 5.00 70.00 75.00 OK
r-oldrel-osx-x86_64 1.1.6 NOTE

Check Details

Version: 1.1.6
Check: package dependencies
Result: NOTE
    Package suggested but not available for checking: ‘rgdal’
Flavor: r-oldrel-osx-x86_64