CRAN Package Check Results for Package scBio

Last updated on 2019-09-15 08:47:28 CEST.

Flavor Version Tinstall Tcheck Ttotal Status Flags
r-devel-linux-x86_64-debian-clang 0.1.5 3.26 26.58 29.84 OK
r-devel-linux-x86_64-debian-gcc 0.1.5 2.70 21.06 23.76 OK
r-devel-linux-x86_64-fedora-clang 0.1.5 35.21 OK
r-devel-linux-x86_64-fedora-gcc 0.1.5 33.81 OK
r-devel-windows-ix86+x86_64 0.1.5 8.00 36.00 44.00 OK
r-patched-linux-x86_64 0.1.5 2.55 25.57 28.12 OK
r-patched-solaris-x86 0.1.5 69.40 OK
r-release-linux-x86_64 0.1.5 2.92 25.96 28.88 OK
r-release-windows-ix86+x86_64 0.1.5 6.00 55.00 61.00 OK
r-release-osx-x86_64 0.1.5 ERROR
r-oldrel-windows-ix86+x86_64 0.1.5 4.00 41.00 45.00 OK
r-oldrel-osx-x86_64 0.1.5 OK

Check Details

Version: 0.1.5
Check: package dependencies
Result: ERROR
    Package required but not available: ‘limma’
    
    See section ‘The DESCRIPTION file’ in the ‘Writing R Extensions’
    manual.
Flavor: r-release-osx-x86_64