CRAN Package Check Results for Package scINSIGHT

Last updated on 2024-02-28 08:54:41 CET.

Flavor Version Tinstall Tcheck Ttotal Status Flags
r-devel-linux-x86_64-debian-clang 0.1.4 70.64 40.53 111.17 NOTE
r-devel-linux-x86_64-debian-gcc 0.1.4 56.53 30.91 87.44 NOTE
r-devel-linux-x86_64-fedora-clang 0.1.4 148.13 NOTE
r-devel-linux-x86_64-fedora-gcc 0.1.4 154.50 NOTE
r-devel-windows-x86_64 0.1.4 50.00 66.00 116.00 NOTE
r-patched-linux-x86_64 0.1.4 64.88 39.90 104.78 NOTE
r-release-linux-x86_64 0.1.4 62.05 40.23 102.28 NOTE
r-release-macos-arm64 0.1.4 41.00 NOTE
r-release-macos-x86_64 0.1.4 60.00 NOTE
r-release-windows-x86_64 0.1.4 65.00 78.00 143.00 NOTE
r-oldrel-macos-arm64 0.1.4 37.00 OK
r-oldrel-windows-x86_64 0.1.4 61.00 85.00 146.00 OK

Check Details

Version: 0.1.4
Check: C++ specification
Result: NOTE Specified C++11: please drop specification unless essential Flavors: r-devel-linux-x86_64-debian-clang, r-devel-linux-x86_64-debian-gcc, r-devel-linux-x86_64-fedora-clang, r-devel-linux-x86_64-fedora-gcc, r-devel-windows-x86_64, r-patched-linux-x86_64, r-release-linux-x86_64, r-release-macos-arm64, r-release-macos-x86_64, r-release-windows-x86_64