CRAN Package Check Results for Package scITD

Last updated on 2024-02-22 23:51:35 CET.

Flavor Version Tinstall Tcheck Ttotal Status Flags
r-devel-linux-x86_64-debian-clang 1.0.4 OK
r-devel-linux-x86_64-debian-gcc 1.0.4 59.78 199.92 259.70 OK
r-devel-linux-x86_64-fedora-clang 1.0.4 465.29 NOTE
r-devel-linux-x86_64-fedora-gcc 1.0.4 447.53 NOTE
r-devel-windows-x86_64 1.0.4 64.00 237.00 301.00 OK
r-patched-linux-x86_64 1.0.4 71.69 263.44 335.13 OK
r-release-linux-x86_64 1.0.4 73.93 258.49 332.42 OK
r-release-macos-arm64 1.0.4 126.00 NOTE
r-release-macos-x86_64 1.0.4 202.00 NOTE
r-release-windows-x86_64 1.0.4 83.00 296.00 379.00 OK
r-oldrel-macos-arm64 1.0.4 143.00 OK
r-oldrel-windows-x86_64 1.0.4 77.00 267.00 344.00 OK

Check Details

Version: 1.0.4
Check: package dependencies
Result: NOTE Packages suggested but not available for checking: 'conos', 'pagoda2' Flavors: r-devel-linux-x86_64-fedora-clang, r-devel-linux-x86_64-fedora-gcc

Version: 1.0.4
Check: package dependencies
Result: NOTE Package suggested but not available for checking: ‘simplifyEnrichment’ Flavors: r-release-macos-arm64, r-release-macos-x86_64