CRAN Package Check Results for Package scSorter

Last updated on 2021-05-13 22:51:14 CEST.

Flavor Version Tinstall Tcheck Ttotal Status Flags
r-devel-linux-x86_64-debian-clang 0.0.2 2.69 111.17 113.86 NOTE
r-devel-linux-x86_64-debian-gcc 0.0.2 1.70 79.21 80.91 NOTE
r-devel-linux-x86_64-fedora-clang 0.0.2 141.70 NOTE
r-devel-linux-x86_64-fedora-gcc 0.0.2 133.86 NOTE
r-devel-windows-ix86+x86_64 0.0.2 6.00 144.00 150.00 NOTE
r-devel-windows-x86_64-gcc10-UCRT 0.0.2 NOTE
r-patched-linux-x86_64 0.0.2 2.65 107.98 110.63 NOTE
r-patched-solaris-x86 0.0.2 242.60 NOTE
r-release-linux-x86_64 0.0.2 2.58 108.47 111.05 OK
r-release-macos-x86_64 0.0.2 OK
r-release-windows-ix86+x86_64 0.0.2 5.00 154.00 159.00 OK
r-oldrel-macos-x86_64 0.0.2 OK
r-oldrel-windows-ix86+x86_64 0.0.2 4.00 132.00 136.00 OK

Check Details

Version: 0.0.2
Check: LazyData
Result: NOTE
     'LazyData' is specified without a 'data' directory
Flavors: r-devel-linux-x86_64-debian-clang, r-devel-linux-x86_64-debian-gcc, r-devel-linux-x86_64-fedora-clang, r-devel-linux-x86_64-fedora-gcc, r-devel-windows-ix86+x86_64, r-devel-windows-x86_64-gcc10-UCRT, r-patched-linux-x86_64, r-patched-solaris-x86