CRAN Package Check Results for Package scaffolder

Last updated on 2022-12-04 18:53:59 CET.

Flavor Version Tinstall Tcheck Ttotal Status Flags
r-devel-linux-x86_64-debian-clang 0.0.1 9.39 76.36 85.75 NOTE
r-devel-linux-x86_64-debian-gcc 0.0.1 6.33 58.67 65.00 NOTE
r-devel-linux-x86_64-fedora-clang 0.0.1 113.86 NOTE
r-devel-linux-x86_64-fedora-gcc 0.0.1 110.30 NOTE
r-devel-windows-x86_64 0.0.1 15.00 100.00 115.00 NOTE
r-patched-linux-x86_64 0.0.1 9.75 72.74 82.49 NOTE
r-release-linux-x86_64 0.0.1 6.01 73.07 79.08 NOTE
r-release-macos-arm64 0.0.1 31.00 NOTE
r-release-macos-x86_64 0.0.1 45.00 NOTE
r-release-windows-x86_64 0.0.1 22.00 109.00 131.00 NOTE
r-oldrel-macos-arm64 0.0.1 39.00 NOTE
r-oldrel-macos-x86_64 0.0.1 63.00 NOTE
r-oldrel-windows-ix86+x86_64 0.0.1 17.00 98.00 115.00 NOTE

Additional issues

donttest

Check Details

Version: 0.0.1
Check: LazyData
Result: NOTE
     'LazyData' is specified without a 'data' directory
Flavors: r-devel-linux-x86_64-debian-clang, r-devel-linux-x86_64-debian-gcc, r-devel-linux-x86_64-fedora-clang, r-devel-linux-x86_64-fedora-gcc, r-devel-windows-x86_64, r-patched-linux-x86_64, r-release-linux-x86_64, r-release-macos-arm64, r-release-macos-x86_64, r-release-windows-x86_64, r-oldrel-macos-arm64, r-oldrel-macos-x86_64, r-oldrel-windows-ix86+x86_64