Last updated on 2021-04-14 11:52:27 CEST.
Flavor | Version | Tinstall | Tcheck | Ttotal | Status | Flags |
---|---|---|---|---|---|---|
r-devel-linux-x86_64-debian-clang | 1.1.1 | 7.22 | 61.48 | 68.70 | OK | |
r-devel-linux-x86_64-debian-gcc | 1.1.1 | 6.02 | 46.43 | 52.45 | OK | |
r-devel-linux-x86_64-fedora-clang | 1.1.1 | 95.37 | NOTE | |||
r-devel-linux-x86_64-fedora-gcc | 1.1.1 | 82.97 | OK | |||
r-devel-windows-ix86+x86_64 | 1.1.1 | 14.00 | 85.00 | 99.00 | OK | |
r-devel-windows-x86_64-gcc10-UCRT | 1.1.1 | OK | ||||
r-patched-linux-x86_64 | 1.1.1 | 7.78 | 57.63 | 65.41 | OK | |
r-patched-solaris-x86 | 1.1.1 | 107.20 | OK | |||
r-release-linux-x86_64 | 1.1.1 | 8.22 | 56.31 | 64.53 | OK | |
r-release-macos-x86_64 | 1.1.1 | OK | ||||
r-release-windows-ix86+x86_64 | 1.1.1 | 9.00 | 84.00 | 93.00 | OK | |
r-oldrel-macos-x86_64 | 1.1.1 | OK | ||||
r-oldrel-windows-ix86+x86_64 | 1.1.1 | 12.00 | 61.00 | 73.00 | OK |
Version: 1.1.1
Check: Rd cross-references
Result: NOTE
Undeclared package ‘plyr’ in Rd xrefs
Flavor: r-devel-linux-x86_64-fedora-clang