CRAN Package Check Results for Package scales

Last updated on 2019-02-17 23:52:08 CET.

Flavor Version Tinstall Tcheck Ttotal Status Flags
r-devel-linux-x86_64-debian-clang 1.0.0 19.30 37.01 56.31 OK
r-devel-linux-x86_64-debian-gcc 1.0.0 15.34 29.56 44.90 OK
r-devel-linux-x86_64-fedora-clang 1.0.0 72.95 NOTE
r-devel-linux-x86_64-fedora-gcc 1.0.0 70.45 NOTE
r-devel-windows-ix86+x86_64 1.0.0 43.00 63.00 106.00 OK
r-patched-linux-x86_64 1.0.0 18.17 34.40 52.57 OK
r-patched-solaris-x86 1.0.0 82.10 NOTE
r-release-linux-x86_64 1.0.0 OK
r-release-windows-ix86+x86_64 1.0.0 34.00 89.00 123.00 OK
r-release-osx-x86_64 1.0.0 NOTE
r-oldrel-windows-ix86+x86_64 1.0.0 49.00 74.00 123.00 OK
r-oldrel-osx-x86_64 1.0.0 NOTE

Check Details

Version: 1.0.0
Check: dependencies in R code
Result: NOTE
    Namespace in Imports field not imported from: ‘R6’
     All declared Imports should be used.
Flavors: r-devel-linux-x86_64-fedora-clang, r-devel-linux-x86_64-fedora-gcc, r-patched-solaris-x86, r-release-osx-x86_64, r-oldrel-osx-x86_64