CRAN Package Check Results for Package scales

Last updated on 2019-08-22 11:47:39 CEST.

Flavor Version Tinstall Tcheck Ttotal Status Flags
r-devel-linux-x86_64-debian-clang 1.0.0 18.85 36.99 55.84 OK
r-devel-linux-x86_64-debian-gcc 1.0.0 14.15 29.02 43.17 OK
r-devel-linux-x86_64-fedora-clang 1.0.0 74.85 NOTE
r-devel-linux-x86_64-fedora-gcc 1.0.0 70.38 NOTE
r-devel-windows-ix86+x86_64 1.0.0 51.00 109.00 160.00 WARN
r-patched-linux-x86_64 1.0.0 16.73 36.42 53.15 OK
r-patched-solaris-x86 1.0.0 91.00 NOTE
r-release-linux-x86_64 1.0.0 16.63 36.34 52.97 OK
r-release-windows-ix86+x86_64 1.0.0 56.00 102.00 158.00 OK
r-release-osx-x86_64 1.0.0 NOTE
r-oldrel-windows-ix86+x86_64 1.0.0 51.00 98.00 149.00 OK
r-oldrel-osx-x86_64 1.0.0 NOTE

Check Details

Version: 1.0.0
Check: dependencies in R code
Result: NOTE
    Namespace in Imports field not imported from: ‘R6’
     All declared Imports should be used.
Flavors: r-devel-linux-x86_64-fedora-clang, r-devel-linux-x86_64-fedora-gcc, r-patched-solaris-x86, r-release-osx-x86_64, r-oldrel-osx-x86_64

Version: 1.0.0
Check: R files for syntax errors
Result: WARN
    Warning in file 'R/formatter.r':
     unable to translate '.<U+00BA>' to native encoding
Flavor: r-devel-windows-ix86+x86_64