Last updated on 2023-12-01 07:50:19 CET.
Flavor | Version | Tinstall | Tcheck | Ttotal | Status | Flags |
---|---|---|---|---|---|---|
r-devel-linux-x86_64-debian-clang | 1.1.1 | 135.34 | 125.07 | 260.41 | NOTE | |
r-devel-linux-x86_64-debian-gcc | 1.1.1 | 102.49 | 91.07 | 193.56 | NOTE | |
r-devel-linux-x86_64-fedora-clang | 1.1.1 | 412.70 | NOTE | |||
r-devel-linux-x86_64-fedora-gcc | 1.1.1 | 389.36 | NOTE | |||
r-devel-windows-x86_64 | 1.1.1 | 113.00 | 128.00 | 241.00 | NOTE | |
r-patched-linux-x86_64 | 1.1.1 | 83.50 | 115.36 | 198.86 | NOTE | |
r-release-linux-x86_64 | 1.1.1 | 87.54 | 116.41 | 203.95 | NOTE | |
r-release-macos-arm64 | 1.1.1 | 99.00 | NOTE | |||
r-release-macos-x86_64 | 1.1.1 | 167.00 | NOTE | |||
r-release-windows-x86_64 | 1.1.1 | 148.00 | 153.00 | 301.00 | NOTE | |
r-oldrel-macos-arm64 | 1.1.1 | 77.00 | OK | |||
r-oldrel-macos-x86_64 | 1.1.1 | 114.00 | OK | |||
r-oldrel-windows-x86_64 | 1.1.1 | 143.00 | 145.00 | 288.00 | OK |
Version: 1.1.1
Check: C++ specification
Result: NOTE
Specified C++11: please drop specification unless essential
Flavors: r-devel-linux-x86_64-debian-clang, r-devel-linux-x86_64-debian-gcc, r-devel-linux-x86_64-fedora-clang, r-devel-linux-x86_64-fedora-gcc, r-devel-windows-x86_64, r-patched-linux-x86_64, r-release-linux-x86_64, r-release-macos-arm64, r-release-macos-x86_64, r-release-windows-x86_64