CRAN Package Check Results for Package scape

Last updated on 2021-01-23 20:47:00 CET.

Flavor Version Tinstall Tcheck Ttotal Status Flags
r-devel-linux-x86_64-debian-clang 2.3.3 16.38 150.15 166.53 OK
r-devel-linux-x86_64-debian-gcc 2.3.3 12.18 112.34 124.52 OK
r-devel-linux-x86_64-fedora-clang 2.3.3 197.32 OK
r-devel-linux-x86_64-fedora-gcc 2.3.3 190.32 OK
r-devel-windows-ix86+x86_64 2.3.3 31.00 132.00 163.00 OK
r-patched-linux-x86_64 2.3.3 8.88 136.57 145.45 OK
r-patched-solaris-x86 2.3.3 255.10 NOTE
r-release-linux-x86_64 2.3.3 9.44 138.34 147.78 OK
r-release-macos-x86_64 2.3.3 OK
r-release-windows-ix86+x86_64 2.3.3 36.00 178.00 214.00 OK
r-oldrel-macos-x86_64 2.3.3 OK
r-oldrel-windows-ix86+x86_64 2.3.3 23.00 174.00 197.00 OK

Check Details

Version: 2.3.3
Check: installed package size
Result: NOTE
     installed size is 5.2Mb
     sub-directories of 1Mb or more:
     doc 1.5Mb
     example 2.7Mb
Flavor: r-patched-solaris-x86