CRAN Package Check Results for Package scenario

Last updated on 2019-11-14 16:48:48 CET.

Flavor Version Tinstall Tcheck Ttotal Status Flags
r-devel-linux-x86_64-debian-clang 1.0 1.70 23.58 25.28 NOTE
r-devel-linux-x86_64-debian-gcc 1.0 1.52 18.85 20.37 NOTE
r-devel-linux-x86_64-fedora-clang 1.0 32.01 OK
r-devel-linux-x86_64-fedora-gcc 1.0 31.17 OK
r-devel-windows-ix86+x86_64 1.0 8.00 33.00 41.00 NOTE
r-patched-linux-x86_64 1.0 1.46 22.62 24.08 OK
r-patched-solaris-x86 1.0 45.90 OK
r-release-linux-x86_64 1.0 1.51 22.70 24.21 OK
r-release-windows-ix86+x86_64 1.0 4.00 46.00 50.00 OK
r-release-osx-x86_64 1.0 OK
r-oldrel-windows-ix86+x86_64 1.0 3.00 46.00 49.00 OK
r-oldrel-osx-x86_64 1.0 OK

Check Details

Version: 1.0
Check: package vignettes
Result: NOTE
    Package vignette with placeholder title 'Vignette Title':
     'buildtree.Rmd'
Flavors: r-devel-linux-x86_64-debian-clang, r-devel-linux-x86_64-debian-gcc, r-devel-windows-ix86+x86_64