CRAN Package Check Results for Package scfetch

Last updated on 2024-04-22 19:56:25 CEST.

Flavor Version Tinstall Tcheck Ttotal Status Flags
r-devel-linux-x86_64-debian-clang 0.5.0 1.03 2.21 3.24 ERROR
r-devel-linux-x86_64-debian-gcc 0.5.0 61.10 463.72 524.82 NOTE
r-devel-linux-x86_64-fedora-clang 0.5.0 937.04 NOTE
r-devel-linux-x86_64-fedora-gcc 0.5.0 925.24 NOTE
r-prerel-macos-arm64 0.5.0 5.00 ERROR
r-prerel-macos-x86_64 0.5.0 468.00 NOTE
r-prerel-windows-x86_64 0.5.0 59.00 447.00 506.00 NOTE
r-patched-linux-x86_64 0.5.0 67.32 615.71 683.03 NOTE
r-release-linux-x86_64 0.5.0 47.77 615.36 663.13 NOTE
r-release-macos-arm64 0.5.0 9.00 ERROR
r-release-macos-x86_64 0.5.0 6.00 ERROR
r-release-windows-x86_64 0.5.0 80.00 596.00 676.00 NOTE
r-oldrel-macos-arm64 0.5.0 21.00 ERROR
r-oldrel-windows-x86_64 0.5.0 77.00 502.00 579.00 NOTE

Additional issues

noSuggests

Check Details

Version: 0.5.0
Check: package dependencies
Result: ERROR Packages required but not available: 'GEOquery', 'SingleCellExperiment', 'SummarizedExperiment', 'scater', 'LoomExperiment' Packages suggested but not available for checking: 'scRNAseq', 'sceasy', 'SeuratDisk', 'SeuratWrappers', 'zellkonverter', 'GEOfastq' See section ‘The DESCRIPTION file’ in the ‘Writing R Extensions’ manual. Flavor: r-devel-linux-x86_64-debian-clang

Version: 0.5.0
Check: package dependencies
Result: NOTE Packages suggested but not available for checking: 'sceasy', 'SeuratDisk', 'SeuratWrappers' Flavors: r-devel-linux-x86_64-debian-gcc, r-prerel-windows-x86_64, r-patched-linux-x86_64, r-release-linux-x86_64, r-release-windows-x86_64, r-oldrel-windows-x86_64

Version: 0.5.0
Check: package dependencies
Result: NOTE Packages suggested but not available for checking: 'scRNAseq', 'sceasy', 'SeuratDisk', 'SeuratWrappers', 'zellkonverter', 'GEOfastq' Imports includes 22 non-default packages. Importing from so many packages makes the package vulnerable to any of them becoming unavailable. Move as many as possible to Suggests and use conditionally. Flavor: r-devel-linux-x86_64-fedora-clang

Version: 0.5.0
Check: installed package size
Result: NOTE installed size is 5.3Mb sub-directories of 1Mb or more: doc 4.4Mb Flavors: r-devel-linux-x86_64-fedora-clang, r-prerel-macos-x86_64, r-prerel-windows-x86_64, r-release-windows-x86_64, r-oldrel-windows-x86_64

Version: 0.5.0
Check: data for non-ASCII characters
Result: NOTE Note: found 33 marked UTF-8 strings Flavors: r-devel-linux-x86_64-fedora-clang, r-devel-linux-x86_64-fedora-gcc

Version: 0.5.0
Check: package dependencies
Result: NOTE Packages suggested but not available for checking: 'scRNAseq', 'sceasy', 'SeuratDisk', 'SeuratWrappers', 'zellkonverter', 'GEOfastq' Flavor: r-devel-linux-x86_64-fedora-gcc

Version: 0.5.0
Check: package dependencies
Result: ERROR Package required but not available: ‘LoomExperiment’ Packages suggested but not available for checking: 'sceasy', 'SeuratDisk', 'SeuratWrappers', 'zellkonverter', 'GEOfastq' See section ‘The DESCRIPTION file’ in the ‘Writing R Extensions’ manual. Flavor: r-prerel-macos-arm64

Version: 0.5.0
Check: package dependencies
Result: NOTE Packages suggested but not available for checking: 'sceasy', 'SeuratDisk', 'SeuratWrappers', 'zellkonverter', 'GEOfastq' Flavor: r-prerel-macos-x86_64

Version: 0.5.0
Check: package dependencies
Result: ERROR Package required but not available: ‘LoomExperiment’ Packages suggested but not available for checking: 'scRNAseq', 'sceasy', 'SeuratDisk', 'SeuratWrappers', 'zellkonverter', 'GEOfastq' See section ‘The DESCRIPTION file’ in the ‘Writing R Extensions’ manual. Flavors: r-release-macos-arm64, r-release-macos-x86_64, r-oldrel-macos-arm64