CRAN Package Check Results for Package schemr

Last updated on 2022-05-27 06:51:34 CEST.

Flavor Version Tinstall Tcheck Ttotal Status Flags
r-devel-linux-x86_64-debian-clang 0.1.0 13.61 120.81 134.42 NOTE
r-devel-linux-x86_64-debian-gcc 0.1.0 11.54 89.31 100.85 NOTE
r-devel-linux-x86_64-fedora-clang 0.1.0 158.37 NOTE
r-devel-linux-x86_64-fedora-gcc 0.1.0 146.56 NOTE
r-devel-windows-x86_64 0.1.0 24.00 126.00 150.00 NOTE
r-patched-linux-x86_64 0.1.0 11.15 113.02 124.17 NOTE
r-release-linux-x86_64 0.1.0 13.81 111.63 125.44 NOTE
r-release-macos-arm64 0.1.0 43.00 NOTE
r-release-macos-x86_64 0.1.0 78.00 NOTE
r-release-windows-x86_64 0.1.0 23.00 130.00 153.00 NOTE
r-oldrel-macos-arm64 0.1.0 50.00 NOTE
r-oldrel-macos-x86_64 0.1.0 63.00 NOTE
r-oldrel-windows-ix86+x86_64 0.1.0 31.00 123.00 154.00 NOTE

Check Details

Version: 0.1.0
Check: LazyData
Result: NOTE
     'LazyData' is specified without a 'data' directory
Flavors: r-devel-linux-x86_64-debian-clang, r-devel-linux-x86_64-debian-gcc, r-devel-linux-x86_64-fedora-clang, r-devel-linux-x86_64-fedora-gcc, r-devel-windows-x86_64, r-patched-linux-x86_64, r-release-linux-x86_64, r-release-macos-arm64, r-release-macos-x86_64, r-release-windows-x86_64, r-oldrel-macos-arm64, r-oldrel-macos-x86_64, r-oldrel-windows-ix86+x86_64

Version: 0.1.0
Check: dependencies in R code
Result: NOTE
    Namespace in Imports field not imported from: ‘ggplot2’
     All declared Imports should be used.
Flavors: r-devel-linux-x86_64-fedora-clang, r-devel-linux-x86_64-fedora-gcc, r-release-macos-arm64, r-release-macos-x86_64, r-oldrel-macos-arm64, r-oldrel-macos-x86_64