CRAN Package Check Results for Package scholar

Last updated on 2024-02-29 05:56:29 CET.

Flavor Version Tinstall Tcheck Ttotal Status Flags
r-devel-linux-x86_64-debian-clang 0.2.4 14.10 79.39 93.49 NOTE
r-devel-linux-x86_64-debian-gcc 0.2.4 10.64 60.91 71.55 NOTE
r-devel-linux-x86_64-fedora-clang 0.2.4 114.86 NOTE
r-devel-linux-x86_64-fedora-gcc 0.2.4 123.57 NOTE
r-devel-windows-x86_64 0.2.4 12.00 94.00 106.00 OK
r-patched-linux-x86_64 0.2.4 14.61 77.25 91.86 OK
r-release-linux-x86_64 0.2.4 8.08 77.91 85.99 OK
r-release-macos-arm64 0.2.4 66.00 OK
r-release-macos-x86_64 0.2.4 83.00 OK
r-release-windows-x86_64 0.2.4 15.00 104.00 119.00 OK
r-oldrel-macos-arm64 0.2.4 63.00 OK
r-oldrel-windows-x86_64 0.2.4 16.00 113.00 129.00 OK

Check Details

Version: 0.2.4
Check: Rd files
Result: NOTE checkRd: (-1) get_profile.Rd:22: Lost braces in \itemize; \value handles \item{}{} directly checkRd: (-1) get_profile.Rd:23: Lost braces in \itemize; \value handles \item{}{} directly checkRd: (-1) get_profile.Rd:24: Lost braces in \itemize; \value handles \item{}{} directly checkRd: (-1) get_profile.Rd:25: Lost braces in \itemize; \value handles \item{}{} directly checkRd: (-1) get_profile.Rd:26: Lost braces in \itemize; \value handles \item{}{} directly Flavors: r-devel-linux-x86_64-debian-clang, r-devel-linux-x86_64-debian-gcc, r-devel-linux-x86_64-fedora-clang, r-devel-linux-x86_64-fedora-gcc