CRAN Package Check Results for Package scoringRules

Last updated on 2022-05-26 11:52:20 CEST.

Flavor Version Tinstall Tcheck Ttotal Status Flags
r-devel-linux-x86_64-debian-clang 1.0.1 65.91 298.54 364.45 OK
r-devel-linux-x86_64-debian-gcc 1.0.1 55.80 230.78 286.58 OK
r-devel-linux-x86_64-fedora-clang 1.0.1 455.47 OK
r-devel-linux-x86_64-fedora-gcc 1.0.1 434.92 OK
r-devel-windows-x86_64 1.0.1 187.00 423.00 610.00 OK
r-patched-linux-x86_64 1.0.1 61.11 298.22 359.33 OK
r-release-linux-x86_64 1.0.1 OK
r-release-macos-arm64 1.0.1 121.00 NOTE
r-release-macos-x86_64 1.0.1 156.00 NOTE
r-release-windows-x86_64 1.0.1 176.00 428.00 604.00 OK
r-oldrel-macos-arm64 1.0.1 148.00 NOTE
r-oldrel-macos-x86_64 1.0.1 235.00 NOTE
r-oldrel-windows-ix86+x86_64 1.0.1 153.00 431.00 584.00 OK

Check Details

Version: 1.0.1
Check: installed package size
Result: NOTE
     installed size is 5.4Mb
     sub-directories of 1Mb or more:
     libs 3.6Mb
Flavors: r-release-macos-arm64, r-release-macos-x86_64, r-oldrel-macos-arm64, r-oldrel-macos-x86_64