CRAN Package Check Results for Package scrappy

Last updated on 2022-11-30 20:55:24 CET.

Flavor Version Tinstall Tcheck Ttotal Status Flags
r-devel-linux-x86_64-debian-clang 0.0.1 1.81 21.11 22.92 NOTE
r-devel-linux-x86_64-debian-gcc 0.0.1 1.41 17.00 18.41 NOTE
r-devel-linux-x86_64-fedora-clang 0.0.1 40.75 NOTE
r-devel-linux-x86_64-fedora-gcc 0.0.1 38.21 NOTE
r-devel-windows-x86_64 0.0.1 7.00 51.00 58.00 NOTE
r-patched-linux-x86_64 0.0.1 1.75 21.43 23.18 NOTE
r-release-linux-x86_64 0.0.1 1.76 21.61 23.37 NOTE
r-release-macos-arm64 0.0.1 14.00 NOTE
r-release-macos-x86_64 0.0.1 21.00 NOTE
r-release-windows-x86_64 0.0.1 6.00 58.00 64.00 NOTE
r-oldrel-macos-arm64 0.0.1 17.00 NOTE
r-oldrel-macos-x86_64 0.0.1 23.00 NOTE
r-oldrel-windows-ix86+x86_64 0.0.1 5.00 46.00 51.00 NOTE

Check Details

Version: 0.0.1
Check: LazyData
Result: NOTE
     'LazyData' is specified without a 'data' directory
Flavors: r-devel-linux-x86_64-debian-clang, r-devel-linux-x86_64-debian-gcc, r-devel-linux-x86_64-fedora-clang, r-devel-linux-x86_64-fedora-gcc, r-devel-windows-x86_64, r-patched-linux-x86_64, r-release-linux-x86_64, r-release-macos-arm64, r-release-macos-x86_64, r-release-windows-x86_64, r-oldrel-macos-arm64, r-oldrel-macos-x86_64, r-oldrel-windows-ix86+x86_64