Last updated on 2022-08-07 19:55:19 CEST.
Flavor | Version | Tinstall | Tcheck | Ttotal | Status | Flags |
---|---|---|---|---|---|---|
r-devel-linux-x86_64-debian-clang | 1.7.4-0 | 130.16 | 39.00 | 169.16 | OK | |
r-devel-linux-x86_64-debian-gcc | 1.7.4-0 | 96.19 | 30.85 | 127.04 | OK | |
r-devel-linux-x86_64-fedora-clang | 1.7.4-0 | 272.12 | OK | |||
r-devel-linux-x86_64-fedora-gcc | 1.7.4-0 | 223.95 | OK | |||
r-devel-windows-x86_64 | 1.7.4-0 | 103.00 | 93.00 | 196.00 | OK | |
r-patched-linux-x86_64 | 1.7.4-0 | 101.56 | 38.04 | 139.60 | OK | |
r-release-linux-x86_64 | 1.7.4-0 | 107.03 | 0.02 | 107.05 | FAIL | |
r-release-macos-arm64 | 1.7.4-0 | 53.00 | OK | |||
r-release-macos-x86_64 | 1.7.4-0 | 78.00 | OK | |||
r-release-windows-x86_64 | 1.7.4-0 | 107.00 | 93.00 | 200.00 | OK | |
r-oldrel-macos-arm64 | 1.7.4-0 | 54.00 | NOTE | |||
r-oldrel-macos-x86_64 | 1.7.4-0 | 74.00 | OK | |||
r-oldrel-windows-ix86+x86_64 | 1.7.4-0 | 315.00 | 91.00 | 406.00 | OK |
Version: 1.7.4-0
Check: package dependencies
Result: FAIL
Flavor: r-release-linux-x86_64
Version: 1.7.4-0
Check: installed package size
Result: NOTE
installed size is 5.3Mb
sub-directories of 1Mb or more:
libs 5.2Mb
Flavor: r-oldrel-macos-arm64