CRAN Package Check Results for Package scrollrevealR

Last updated on 2022-08-09 01:55:00 CEST.

Flavor Version Tinstall Tcheck Ttotal Status Flags
r-devel-linux-x86_64-debian-clang 0.2.0 2.05 23.77 25.82 NOTE
r-devel-linux-x86_64-debian-gcc 0.2.0 1.59 18.23 19.82 NOTE
r-devel-linux-x86_64-fedora-clang 0.2.0 42.27 NOTE
r-devel-linux-x86_64-fedora-gcc 0.2.0 42.65 NOTE
r-devel-windows-x86_64 0.2.0 14.00 57.00 71.00 NOTE
r-patched-linux-x86_64 0.2.0 2.09 22.73 24.82 NOTE
r-release-linux-x86_64 0.2.0 NOTE
r-release-macos-arm64 0.2.0 16.00 NOTE
r-release-macos-x86_64 0.2.0 22.00 NOTE
r-release-windows-x86_64 0.2.0 9.00 51.00 60.00 NOTE
r-oldrel-macos-arm64 0.2.0 21.00 NOTE
r-oldrel-macos-x86_64 0.2.0 25.00 NOTE
r-oldrel-windows-ix86+x86_64 0.2.0 5.00 39.00 44.00 NOTE

Check Details

Version: 0.2.0
Check: LazyData
Result: NOTE
     'LazyData' is specified without a 'data' directory
Flavors: r-devel-linux-x86_64-debian-clang, r-devel-linux-x86_64-debian-gcc, r-devel-linux-x86_64-fedora-clang, r-devel-linux-x86_64-fedora-gcc, r-devel-windows-x86_64, r-patched-linux-x86_64, r-release-linux-x86_64, r-release-macos-arm64, r-release-macos-x86_64, r-release-windows-x86_64, r-oldrel-macos-arm64, r-oldrel-macos-x86_64, r-oldrel-windows-ix86+x86_64