Last updated on 2023-12-05 00:52:18 CET.
Flavor | Version | Tinstall | Tcheck | Ttotal | Status | Flags |
---|---|---|---|---|---|---|
r-devel-linux-x86_64-debian-clang | 1.0-0 | 10.29 | 99.99 | 110.28 | NOTE | |
r-devel-linux-x86_64-debian-gcc | 1.0-0 | 8.80 | 73.47 | 82.27 | NOTE | |
r-devel-linux-x86_64-fedora-clang | 1.0-0 | 140.77 | NOTE | |||
r-devel-linux-x86_64-fedora-gcc | 1.0-0 | 129.91 | NOTE | |||
r-devel-windows-x86_64 | 1.0-0 | 10.00 | 91.00 | 101.00 | NOTE | |
r-patched-linux-x86_64 | 1.0-0 | 10.89 | 96.09 | 106.98 | NOTE | |
r-release-linux-x86_64 | 1.0-0 | 8.74 | 95.90 | 104.64 | NOTE | |
r-release-macos-arm64 | 1.0-0 | 44.00 | NOTE | |||
r-release-macos-x86_64 | 1.0-0 | 69.00 | NOTE | |||
r-release-windows-x86_64 | 1.0-0 | 13.00 | 109.00 | 122.00 | NOTE | |
r-oldrel-macos-arm64 | 1.0-0 | 36.00 | NOTE | |||
r-oldrel-macos-x86_64 | 1.0-0 | 57.00 | NOTE | |||
r-oldrel-windows-x86_64 | 1.0-0 | 13.00 | 108.00 | 121.00 | NOTE |
Version: 1.0-0
Check: Rd files
Result: NOTE
checkRd: (-1) hyperpar.Rd:17: Lost braces
17 | \item{c}{denotes the expected range of eqn{f} .}
| ^
Flavors: r-devel-linux-x86_64-debian-clang, r-devel-linux-x86_64-debian-gcc
Version: 1.0-0
Check: LazyData
Result: NOTE
'LazyData' is specified without a 'data' directory
Flavors: r-devel-linux-x86_64-debian-clang, r-devel-linux-x86_64-debian-gcc, r-devel-linux-x86_64-fedora-clang, r-devel-linux-x86_64-fedora-gcc, r-devel-windows-x86_64, r-patched-linux-x86_64, r-release-linux-x86_64, r-release-macos-arm64, r-release-macos-x86_64, r-release-windows-x86_64, r-oldrel-macos-arm64, r-oldrel-macos-x86_64, r-oldrel-windows-x86_64