CRAN Package Check Results for Package sdPrior

Last updated on 2022-11-28 17:53:06 CET.

Flavor Version Tinstall Tcheck Ttotal Status Flags
r-devel-linux-x86_64-debian-clang 1.0-0 9.15 101.62 110.77 NOTE
r-devel-linux-x86_64-debian-gcc 1.0-0 9.34 76.70 86.04 NOTE
r-devel-linux-x86_64-fedora-clang 1.0-0 149.65 NOTE
r-devel-linux-x86_64-fedora-gcc 1.0-0 145.01 NOTE
r-devel-windows-x86_64 1.0-0 29.00 128.00 157.00 NOTE
r-patched-linux-x86_64 1.0-0 8.92 96.55 105.47 NOTE
r-release-linux-x86_64 1.0-0 9.86 96.77 106.63 NOTE
r-release-macos-arm64 1.0-0 36.00 NOTE
r-release-macos-x86_64 1.0-0 57.00 NOTE
r-release-windows-x86_64 1.0-0 27.00 127.00 154.00 NOTE
r-oldrel-macos-arm64 1.0-0 42.00 NOTE
r-oldrel-macos-x86_64 1.0-0 65.00 NOTE
r-oldrel-windows-ix86+x86_64 1.0-0 24.00 122.00 146.00 NOTE

Check Details

Version: 1.0-0
Check: LazyData
Result: NOTE
     'LazyData' is specified without a 'data' directory
Flavors: r-devel-linux-x86_64-debian-clang, r-devel-linux-x86_64-debian-gcc, r-devel-linux-x86_64-fedora-clang, r-devel-linux-x86_64-fedora-gcc, r-devel-windows-x86_64, r-patched-linux-x86_64, r-release-linux-x86_64, r-release-macos-arm64, r-release-macos-x86_64, r-release-windows-x86_64, r-oldrel-macos-arm64, r-oldrel-macos-x86_64, r-oldrel-windows-ix86+x86_64