CRAN Package Check Results for Package sda

Last updated on 2021-02-25 10:47:47 CET.

Flavor Version Tinstall Tcheck Ttotal Status Flags
r-devel-linux-x86_64-debian-clang 1.3.7 2.38 32.03 34.41 OK
r-devel-linux-x86_64-debian-gcc 1.3.7 2.11 24.85 26.96 OK
r-devel-linux-x86_64-fedora-clang 1.3.7 50.68 NOTE
r-devel-linux-x86_64-fedora-gcc 1.3.7 40.71 OK
r-devel-windows-ix86+x86_64 1.3.7 4.00 40.00 44.00 OK
r-patched-linux-x86_64 1.3.7 2.66 30.38 33.04 OK
r-patched-solaris-x86 1.3.7 66.00 OK
r-release-linux-x86_64 1.3.7 2.56 30.45 33.01 OK
r-release-macos-x86_64 1.3.7 OK
r-release-windows-ix86+x86_64 1.3.7 17.00 49.00 66.00 OK
r-oldrel-macos-x86_64 1.3.7 OK
r-oldrel-windows-ix86+x86_64 1.3.7 4.00 46.00 50.00 OK

Check Details

Version: 1.3.7
Check: Rd cross-references
Result: NOTE
    Undeclared package ‘care’ in Rd xrefs
Flavor: r-devel-linux-x86_64-fedora-clang