Last updated on 2022-08-08 01:54:45 CEST.
Flavor | Version | Tinstall | Tcheck | Ttotal | Status | Flags |
---|---|---|---|---|---|---|
r-devel-linux-x86_64-debian-clang | 0.1.0 | 5.24 | 48.27 | 53.51 | OK | |
r-devel-linux-x86_64-debian-gcc | 0.1.0 | 3.77 | 36.49 | 40.26 | OK | |
r-devel-linux-x86_64-fedora-clang | 0.1.0 | 73.83 | NOTE | |||
r-devel-linux-x86_64-fedora-gcc | 0.1.0 | 76.23 | NOTE | |||
r-devel-windows-x86_64 | 0.1.0 | 16.00 | 73.00 | 89.00 | OK | |
r-patched-linux-x86_64 | 0.1.0 | 5.20 | 45.32 | 50.52 | OK | |
r-release-linux-x86_64 | 0.1.0 | 3.60 | 0.02 | 3.62 | FAIL | |
r-release-macos-arm64 | 0.1.0 | 23.00 | NOTE | |||
r-release-macos-x86_64 | 0.1.0 | 39.00 | NOTE | |||
r-release-windows-x86_64 | 0.1.0 | 16.00 | 73.00 | 89.00 | OK | |
r-oldrel-macos-arm64 | 0.1.0 | 26.00 | NOTE | |||
r-oldrel-macos-x86_64 | 0.1.0 | 31.00 | NOTE | |||
r-oldrel-windows-ix86+x86_64 | 0.1.0 | 13.00 | 65.00 | 78.00 | OK |
Version: 0.1.0
Check: data for non-ASCII characters
Result: NOTE
Note: found 1 marked UTF-8 string
Flavors: r-devel-linux-x86_64-fedora-clang, r-devel-linux-x86_64-fedora-gcc, r-release-macos-arm64, r-release-macos-x86_64, r-oldrel-macos-arm64, r-oldrel-macos-x86_64
Version: 0.1.0
Check: package dependencies
Result: FAIL
Flavor: r-release-linux-x86_64